NOAA-Style Climate Reports


Report for 2014 Febrero
                   Monthly Climatological Summary for feb 2014

Name: WXElortondo   City: Elortondo   State: Argentina
Elevation: 104 m  Lat: S 33° 42' 17"   Lon: W 061° 37' 16"

                  Temperature (°C), Rain (mm), Wind Speed (km/h)

                                      Heat  Cool        Avg
    Mean                              Deg   Deg         Wind                 Dom
Day Temp  High   Time   Low    Time   Days  Days  Rain  Speed High   Time    Dir
----------------------------------------------------------------------------------
 1  24,1  29,0   15:10  19,5   08:09   0,0   5,8  36,9   8,7  34,2   15:19     E
 2  20,6  25,0   13:29  19,4   10:14   0,0   2,3 163,5   7,0  47,9   10:07    NE
 3  22,2  26,2   16:05  19,9   07:08   0,0   3,9  42,3   7,2  34,2   06:12    NE
 4  23,7  28,4   14:12  20,8   06:55   0,0   5,4   0,0   7,9  33,1   14:55    NE
 5  24,5  33,0   14:21  16,8   23:55   0,0   6,3   4,2  11,1  47,9   22:32   ESE
 6  18,3  23,4   14:42  15,1   07:00   1,2   1,3  26,4   7,5  42,8   05:35   ESE
 7  24,4  33,4   15:54  18,8   01:39   0,0   6,1   6,3   3,0  14,8   18:38   NNE
 8  28,4  35,8   15:52  22,9   23:59   0,0  10,1   0,0   8,4  35,6   14:44   NNE
 9  22,7  26,8   16:51  19,9   08:42   0,0   4,4  25,8   5,9  31,7   01:02    SE
10  24,8  29,9   14:33  21,3   03:28   0,0   6,5   1,2   6,8  25,6   12:54    NE
11  22,6  27,2   16:37  18,3   08:26   0,0   4,3  32,1   6,1  55,1   07:25   ENE
12  24,6  31,4   17:17  17,9   07:14   0,0   6,3   0,0   2,0  19,4   13:57     E
13  22,8  27,4   16:18  18,8   07:17   0,0   4,5   0,0   9,4  29,5   03:20    SE
14  20,0  24,5   14:49  15,8   06:56   0,4   2,1   0,0   9,5  33,1   11:56   ESE
15  20,4  25,5   15:37  15,4   05:54   0,6   2,7   0,0  10,4  31,7   12:42     E
16  19,8  21,9   13:30  18,5   06:50   0,0   1,5  24,6   8,7  33,1   09:21   ENE
17  22,6  27,6   14:12  19,8   06:38   0,0   4,3   9,9   4,8  20,9   20:46    NE
18  23,0  27,0   14:54  19,8   00:00   0,0   4,7  10,5   3,9  18,4   13:31    NE
19  24,8  30,9   15:34  18,8   06:17   0,0   6,5   0,0   3,6  19,4   12:56   NNE
20  24,0  30,9   15:41  20,0   11:42   0,0   5,7  14,4   4,4  36,7   18:44   NNE
21  20,8  24,5   18:24  18,5   23:47   0,0   2,5  69,3   4,5  34,2   03:59   SSE
22  21,5  26,9   13:38  18,6   00:00   0,0   3,2   0,9   3,7  20,9   15:44    SE
23  22,9  29,4   15:26  16,5   05:32   0,2   4,8   0,0   3,0  17,3   15:24    NE
24  22,8  28,4   14:06  18,8   06:09   0,0   4,5   0,0   7,5  33,1   21:48    SE
25  17,4  21,4   13:25  14,2   07:48   1,5   0,5   0,0  10,9  34,2   10:46   SSE
26  16,9  22,5   15:14  12,4   07:06   2,4   1,0   0,0   5,6  29,5   16:22   SSE
27  18,3  25,7   15:15  10,7   06:24   2,1   2,1   0,0   3,1  18,4   13:31   ENE
28  20,3  26,4   14:17  13,7   07:15   0,9   3,0   0,0   5,6  25,6   12:19   NNE
----------------------------------------------------------------------------------
    22,1  35,8     8    10,7    27     9,3 116,3 468,3   6,4  55,1    11       E

Max >=  27,0: 15
Max <=   0,0:  0
Min <=   0,0:  0
Min <= -18,0:  0
Max Rain: 163,5 on day 2
Days of Rain: 15 (>= 0,2 mm)  13 (>= 2,0 mm)  8 (>= 20,0 mm)
Heat Base: 18,3  Cool Base: 18,3  Method: Integration