NOAA-Style Climate Reports


Report for 2014 Enero
                   Monthly Climatological Summary for ene 2014

Name: WXElortondo   City: Elortondo   State: Argentina
Elevation: 104 m  Lat: S 33° 42' 17"   Lon: W 061° 37' 16"

                  Temperature (°C), Rain (mm), Wind Speed (km/h)

                                      Heat  Cool        Avg
    Mean                              Deg   Deg         Wind                 Dom
Day Temp  High   Time   Low    Time   Days  Days  Rain  Speed High   Time    Dir
----------------------------------------------------------------------------------
 1  27,2  32,6   13:47  21,8   04:55   0,0   8,9   0,0   5,3  23,4   13:08    SE
 2  21,5  27,1   16:01  15,2   23:47   0,3   3,5  27,3  10,0  45,4   05:38     S
 3  20,8  26,8   17:12  14,0   06:16   0,9   3,4   0,0   5,2  27,0   12:17     S
 4  23,7  32,2   16:31  14,1   05:48   0,7   6,2   0,0  10,4  39,2   11:48   NNO
 5  26,5  34,7   16:04  17,6   06:22   0,0   8,2   0,0   9,9  34,2   10:49     N
 6  28,7  35,5   15:42  19,4   06:38   0,0  10,4   0,0   9,1  35,6   09:38     N
 7  27,5  33,5   10:49  21,0   23:18   0,0   9,2  22,5   6,4  39,2   11:49     S
 8  24,3  31,8   15:33  15,5   06:35   0,3   6,3   0,0   6,6  25,6   07:57   ESE
 9  26,7  33,7   16:57  19,8   04:16   0,0   8,4   0,0   9,4  33,1   11:21   NNE
10  25,5  31,5   16:31  19,8   06:12   0,0   7,2  13,5   6,9  42,8   04:08    SE
11  21,7  28,0   16:20  13,3   06:44   0,5   4,0   0,0   8,8  33,1   02:03    SE
12  20,2  26,2   16:35  13,8   06:13   0,9   2,8   0,0   9,4  29,5   08:20   ENE
13  23,9  31,7   16:03  15,4   06:10   0,5   6,1   0,0   8,9  28,1   11:46    NE
14  26,5  33,7   15:42  18,6   05:52   0,0   8,2   0,0   8,2  29,5   10:26    NE
15  28,7  35,7   14:45  21,2   06:41   0,0  10,4   0,0   6,7  27,0   09:29     N
16  29,7  37,0   15:12  21,9   06:39   0,0  11,4   0,0   8,2  30,6   13:37   NNE
17  29,8  37,3   17:23  21,5   06:24   0,0  11,5   0,0   9,4  35,6   11:42     N
18  30,8  38,5   16:02  23,2   06:08   0,0  12,5   0,0   9,6  45,4   20:08   NNO
19  26,0  31,5   14:33  22,5   04:54   0,0   7,7   1,2   6,4  30,6   14:42   ENE
20  29,3  36,0   15:20  22,1   06:05   0,0  11,0   0,0   9,3  33,1   11:34   NNE
21  26,7  31,6   15:50  21,0   08:00   0,0   8,4  19,5   6,9  41,8   05:05    SE
22  27,4  33,1   15:24  23,6   09:19   0,0   9,1   0,9   9,3  41,8   09:48   ENE
23  31,2  38,1   14:58  23,6   23:22   0,0  12,9   1,5   9,4  47,9   09:37   NNO
24  19,1  23,6   00:00  14,2   23:57   0,7   1,6  25,5  14,5  64,8   03:33     S
25  17,8  24,4   15:02  11,0   03:52   2,2   1,7   0,0   6,0  20,9   13:06     E
26  21,7  28,4   17:03  14,3   05:36   0,8   4,2   0,0   6,8  25,6   10:44    NE
27  22,0  22,9   08:11  19,0   06:24   0,0   3,7  25,0   6,2  17,3   07:31     N
28  25,5  35,7   12:58  21,9   23:52   0,0   7,2  25,0   6,3  30,6   13:03     N
29  24,9  30,6   16:04  19,7   05:44   0,0   6,6   0,0   4,3  23,4   12:33     E
30  25,9  31,6   18:03  19,5   06:42   0,0   7,6   0,0   5,5  24,5   17:27     N
31  26,9  33,8   15:57  20,9   06:21   0,0   8,6   0,0   7,4  28,1   10:08   NNO
----------------------------------------------------------------------------------
    25,4  38,5    18    11,0    25     7,8 228,9 161,9   8,0  64,8    24      NE

Max >=  27,0: 26
Max <=   0,0:  0
Min <=   0,0:  0
Min <= -18,0:  0
Max Rain: 27,3 on day 2
Days of Rain: 10 (>= 0,2 mm)  7 (>= 2,0 mm)  5 (>= 20,0 mm)
Heat Base: 18,3  Cool Base: 18,3  Method: Integration