NOAA-Style Climate Reports


Report for 2014
                   Annual Climatological Summary for 2014

Name: WXElortondo   City: Elortondo   State: Argentina
Elevation: 104 m  Lat: S 33° 42' 17"   Lon: W 061° 37' 16"

                  Temperature (°C), Heat Base: 18,3  Cool Base: 18,3
                          Dep.  Heat  Cool                       Max  Max  Min  Min
        Mean  Mean        From  Deg   Deg                        >=   <=   <=   <=
 YR MO  Max   Min   Mean  Norm  Days  Days  Hi  Date  Low  Date 27,0  0,0  0,0 -18,0
------------------------------------------------------------------------------------
 14  1  31,9  18,7  25,4   0.0     7   228  38,5  18  11,0   25   26    0    0    0
 14  2  27,5  17,9  22,1   0.0     9   116  35,8   8  10,7   27   15    0    0    0
 14  3  26,3  13,9  19,7   0.0    42    85  31,6   5   6,8   22   17    0    0    0
 14  4  24,3  12,3  17,9   0.0    67    57  32,3   4   4,0   18    4    0    0    0
 14  5  19,3  10,4  14,4   0.0   132    11  27,0   4   3,9   23    1    0    0    0
 14  6  18,0   5,7  11,6   0.0   203     2  22,3  22   0,0   12    0    0    2    0
 14  7  18,1   6,7  11,9   0.0   205     6  25,1  14  -0,6   24    0    0    1    0
 14  8  21,8   8,1  14,4   0.0   161    39  33,6  21   0,0   27    6    0    1    0
 14  9  22,8   9,3  15,9   0.0   100    29  27,7  28   0,0   28    3    0    2    0
 14 10  27,7  14,4  20,7   0.0    43   115  37,8  27   7,3   10   17    0    0    0
 14 11  28,5  14,6  21,5   0.0    36   133  36,9  15   8,5    4   19    0    0    0
 14 12  30,1  16,7  23,5   0.0    13   176  36,7   6   9,3   22   23    0    0    0
------------------------------------------------------------------------------------
        24,7  12,4  18,3   0.0  1022  1003  38,5 ene  -0,6  jul  131    0    6    0

                                Precipitation (mm)

              Dep.   Max        Days of Rain
              From   Obs.           >=
 YR MO Total  Norm   Day Date  0,2  2,0 20,0
---------------------------------------------
 14  1 161,9   0.0  27,3   2    10    7    5
 14  2 468,3   0.0 163,5   2    15   13    8
 14  3 106,2   0.0  47,4  14     8    6    2
 14  4 157,3   0.0  77,4   5     5    5    3
 14  5 115,2   0.0  93,9  20     7    5    1
 14  6  16,5   0.0  15,3  12     2    1    0
 14  7  14,1   0.0   7,2  12     4    3    0
 14  8   0,3   0.0   0,3  24     1    0    0
 14  9  75,3   0.0  33,9  14     7    7    1
 14 10  79,8   0.0  30,9   4     8    6    2
 14 11 195,0   0.0  57,0   2     9    7    4
 14 12  94,8   0.0  47,4  20     8    5    1
---------------------------------------------
      1484,7   0.0 163,5  feb   84   65   27

                                Wind Speed (km/h)
                          Dom
 YR MO   Avg.  Hi   Date  Dir
------------------------------
 14  1   8,0  64,8   24    NE
 14  2   6,4  55,1   11     E
 14  3   6,3  74,5   14    NE
 14  4   7,8  67,3   12   ENE
 14  5   6,7  51,5   20   ENE
 14  6   7,3  61,2   12    NE
 14  7   8,4  60,1   15   ENE
 14  8   9,9  74,5   25     N
 14  9   9,0  61,2    9     E
 14 10   9,6  55,1   27   ENE
 14 11   8,3  67,3   30     E
 14 12   7,4  56,2   20    NE
------------------------------
         7,9  74,5  mar   ENE