NOAA-Style Climate Reports


Report for 2013 Diciembre
                   Monthly Climatological Summary for dic 2013

Name: WXElortondo   City: Elortondo   State: Argentina
Elevation: 104 m  Lat: S 33° 42' 17"   Lon: W 061° 37' 16"

                  Temperature (°C), Rain (mm), Wind Speed (km/h)

                                      Heat  Cool        Avg
    Mean                              Deg   Deg         Wind                 Dom
Day Temp  High   Time   Low    Time   Days  Days  Rain  Speed High   Time    Dir
----------------------------------------------------------------------------------
 1  26,5  35,0   17:03  19,1   01:35   0,0   8,2   0,0   5,7  27,0   14:25    NE
 2  26,8  38,0   15:26  19,8   23:48   0,0   8,5  10,2   8,6  47,9   14:53   NNO
 3  21,1  27,4   17:26  13,2   06:18   0,6   3,4   0,0   8,4  42,8   04:08   ESE
 4  25,5  35,9   15:54  15,5   05:41   0,5   7,7   0,0   8,7  36,7   10:46    NO
 5  24,5  33,0   14:22  17,1   05:14   0,1   6,3   0,0   8,9  30,6   16:27    SE
 6  21,9  28,7   13:56  15,3   05:56   0,4   4,0   0,0  10,8  31,7   08:35   ENE
 7  24,8  33,9   15:43  16,1   04:20   0,3   6,8   0,0   9,6  46,4   11:13   NNE
 8  26,4  37,1   13:48  19,2   19:20   0,0   8,1  21,0  12,9  62,3   17:56    NE
 9  23,2  28,6   15:41  18,5   06:02   0,0   4,9   0,0   9,6  36,7   14:58   SSE
10  21,5  28,0   16:00  14,3   05:59   0,6   3,8   0,0   5,5  22,0   01:01   ESE
11  23,8  31,0   15:24  15,9   05:28   0,3   5,8   0,0   7,0  33,1   14:13    NE
12  24,9  31,0   15:02  18,8   05:32   0,0   6,6   0,0   7,5  24,5   11:36   NNE
13  27,0  34,3   15:36  19,1   06:07   0,0   8,7   0,0   7,0  23,4   11:24   NNE
14  28,5  36,5   16:19  19,6   06:21   0,0  10,2   0,0   5,6  19,4   20:43    NE
15  29,0  37,4   16:11  20,4   04:40   0,0  10,7   0,0   6,0  35,6   19:46   NNE
16  29,9  39,0   14:43  21,3   05:12   0,0  11,6   0,0   5,6  18,4   00:32    NE
17  29,1  38,2   14:31  23,5   05:28   0,0  10,8   0,0   8,1  42,8   17:05   NNE
18  26,9  34,4   15:11  22,7   23:54   0,0   8,6   0,0   6,3  39,2   19:39   ESE
19  26,6  33,6   14:22  21,4   02:46   0,0   8,3   0,0   6,6  25,6   15:00     E
20  28,6  35,1   15:32  20,8   06:15   0,0  10,3   0,0   7,4  28,1   17:26     E
21  29,4  36,5   14:17  21,7   06:17   0,0  11,1   0,0   7,1  24,5   14:39   ENE
22  32,0  36,8   12:25  22,9   06:17   0,0  13,7   0,0   5,3  20,9   07:46    NE
23  35,5  38,7   14:30  27,6   23:50   0,0  17,2   0,0   5,7  27,0   10:50   NNE
24  31,5  39,0   15:22  24,1   05:37   0,0  13,2   0,0   7,6  30,6   14:43   NNE
25  32,1  39,2   15:38  24,4   05:06   0,0  13,8   0,0   7,7  30,6   10:01   NNE
26  27,5  33,2   10:36  22,7   23:05   0,0   9,2   0,0   8,6  40,3   11:34     S
27  24,9  31,8   17:56  20,6   02:50   0,0   6,6   3,6   3,4  36,7   11:20    SE
28  26,6  32,8   12:27  20,7   05:52   0,0   8,3   0,0   3,1  19,4   15:54   ENE
29  27,6  34,3   16:41  21,6   03:00   0,0   9,3   0,0   5,6  29,5   13:48    NO
30  28,6  35,9   16:02  21,1   23:16   0,0  10,3   1,5   8,6  42,8   22:47     S
31  24,1  29,8   16:00  19,3   00:51   0,0   5,8   2,4   6,4  27,0   00:22   ESE
----------------------------------------------------------------------------------
    27,0  39,2    25    13,2     3     2,8 271,8  38,7   7,3  62,3     8     ENE

Max >=  27,0: 31
Max <=   0,0:  0
Min <=   0,0:  0
Min <= -18,0:  0
Max Rain: 21,0 on day 8
Days of Rain: 5 (>= 0,2 mm)  4 (>= 2,0 mm)  1 (>= 20,0 mm)
Heat Base: 18,3  Cool Base: 18,3  Method: Integration