NOAA-Style Climate Reports


Report for 2013 Noviembre
                   Monthly Climatological Summary for nov 2013

Name: WXElortondo   City: Elortondo   State: Argentina
Elevation: 104 m  Lat: S 33° 42' 17"   Lon: W 061° 37' 16"

                  Temperature (°C), Rain (mm), Wind Speed (km/h)

                                      Heat  Cool        Avg
    Mean                              Deg   Deg         Wind                 Dom
Day Temp  High   Time   Low    Time   Days  Days  Rain  Speed High   Time    Dir
----------------------------------------------------------------------------------
 1  19,1  20,3   14:41  17,1   23:58   0,1   0,9  55,2  12,1  42,8   16:49     S
 2  18,8  24,0   16:31  13,6   06:16   1,3   1,8   0,0  10,1  41,8   12:52   SSO
 3  20,5  28,0   14:31  10,9   06:18   1,6   3,9   0,0   5,3  29,5   13:38   SSE
 4  22,3  30,0   15:47  14,0   05:44   0,8   4,8   0,0   8,2  30,6   15:31    NE
 5  21,9  30,2   15:19  14,0   05:40   0,9   4,5   0,0  10,9  34,2   16:26    NE
 6  23,1  31,3   14:59  14,9   06:19   0,7   5,5   0,0  14,1  50,0   16:23    NE
 7  18,6  23,3   04:18  15,0   08:54   0,9   1,2   3,3  11,0  54,0   05:47   ESE
 8  18,0  23,2   17:00  14,1   01:59   1,3   1,0   0,3   5,0  27,0   10:01     E
 9  21,1  25,2   15:14  15,8   05:32   0,5   3,3   0,0   7,4  29,5   09:04   ENE
10  21,4  24,8   14:30  14,1   10:39   0,6   3,7   0,0   8,8  42,8   18:47     S
11  20,6  27,6   17:24  14,7   06:32   1,0   3,3   0,0   9,9  41,8   12:10    SO
12  22,3  31,0   15:54  12,8   05:10   1,1   5,2   0,0   7,5  35,6   09:52     S
13  24,9  33,2   15:22  15,8   06:12   0,3   6,9   0,0  14,7  51,5   15:45    NE
14  28,0  36,7   15:13  17,4   06:13   0,0   9,7   0,0  16,5  64,8   10:14   NNE
15  19,7  26,0   00:00  14,9   23:54   0,6   2,1  20,4  17,8  66,2   13:36   SSO
16  20,9  29,6   14:44  11,6   05:01   1,7   4,3   0,0   5,3  25,6   21:14   NNE
17  22,1  30,2   15:56  14,1   10:14   0,6   4,4   0,0  10,3  36,7   17:28    NE
18  25,3  34,4   16:18  16,8   06:02   0,3   7,2   0,0   7,8  31,7   09:03   NNE
19  22,2  29,8   15:41  14,7   06:09   0,6   4,5   0,0  10,5  34,2   13:42    SE
20  21,8  30,1   15:13  12,9   06:23   1,0   4,5   0,0   6,0  27,0   12:57    SE
21  24,8  31,9   15:03  17,1   05:43   0,1   6,6   0,0   6,7  27,0   14:38   ENE
22  25,2  33,4   15:58  16,9   05:59   0,1   7,0   0,0  11,4  45,4   14:11   NNE
23  25,7  33,5   15:50  17,9   05:38   0,0   7,4   0,0  12,3  40,3   15:49    NE
24  26,7  35,5   16:12  17,6   22:29   0,0   8,5  27,3  14,3  55,1   21:38    NE
25  20,0  24,5   15:33  18,2   00:59   0,0   1,7  76,2   8,6  35,6   02:39    SE
26  17,2  19,1   14:01  15,1   07:07   1,2   0,0  10,5  10,6  35,6   05:26    SE
27  16,7  21,7   18:05  13,4   05:53   2,2   0,6   9,0  12,2  45,4   03:50     S
28  21,3  30,0   13:59  13,1   05:49   1,3   4,3   0,0   6,1  27,0   12:56   ONO
29  24,6  32,8   16:03  14,3   05:45   0,4   6,7   0,0   3,7  19,4   16:38     N
30  25,6  32,4   14:16  18,1   05:54   0,0   7,3   0,0   7,7  34,2   14:55   NNE
----------------------------------------------------------------------------------
    22,0  36,7    14    10,9     3    21,2 132,8 202,2   9,8  66,2    15       E

Max >=  27,0: 20
Max <=   0,0:  0
Min <=   0,0:  0
Min <= -18,0:  0
Max Rain: 76,2 on day 25
Days of Rain: 8 (>= 0,2 mm)  7 (>= 2,0 mm)  4 (>= 20,0 mm)
Heat Base: 18,3  Cool Base: 18,3  Method: Integration