NOAA-Style Climate Reports

Select a Year or Month report
2017: Ene Feb Mar Abr May Jun Jul Ago Sep Oct Nov Dic
2016: Ene Feb Mar Abr May Jun Jul Ago Sep Oct Nov Dic
2015: Ene Feb Mar Abr May Jun Jul Ago Sep Oct Nov Dic
2014: Ene Feb Mar Abr May Jun Jul Ago Sep Oct Nov Dic
2013: Ene Feb Mar Abr May Jun Jul Ago Sep Oct Nov Dic
2012: Ene Feb Mar Abr May Jun Jul Ago Sep Oct Nov Dic

Report for 2013 Octubre
                   Monthly Climatological Summary for oct 2013

Name: WXElortondo   City: Elortondo   State: Argentina
Elevation: 104 m  Lat: S 33° 42' 17"   Lon: W 061° 37' 16"

                  Temperature (°C), Rain (mm), Wind Speed (km/h)

                                      Heat  Cool        Avg
    Mean                              Deg   Deg         Wind                 Dom
Day Temp  High   Time   Low    Time   Days  Days  Rain  Speed High   Time    Dir
----------------------------------------------------------------------------------
 1  12,4  18,3   15:44   8,4   02:32   5,9   0,0   0,0   8,5  29,5   11:12   SSO
 2  14,5  23,5   15:48   4,5   04:41   4,9   1,1   0,0   7,3  29,5   17:56     E
 3  13,4  16,9   12:55  10,6   07:05   4,9   0,0   0,0   9,5  31,7   01:47   SSE
 4  16,1  22,9   15:18  11,1   04:34   3,1   0,9   0,9   9,0  29,5   11:22   SSE
 5  17,0  25,7   15:51   8,4   05:38   3,3   2,0   0,0   8,0  29,5   16:22    NE
 6  18,9  27,9   14:53   9,8   06:16   2,5   3,1   0,0   9,5  31,7   17:28    NE
 7  19,8  27,4   14:20  11,3   06:28   1,7   3,2   0,0  11,3  35,6   12:45    NE
 8  21,2  30,5   15:55  12,2   06:45   1,8   4,7   0,0  11,9  40,3   10:33    NE
 9  21,5  30,3   13:20  14,6   22:02   0,7   3,9   0,0  13,7  52,6   15:59   SSE
10  20,7  28,9   16:18  15,1   07:19   1,2   3,5   0,0   8,2  31,7   18:14    SE
11  20,2  25,5   16:56  16,2   08:51   0,5   2,3   2,1  12,7  45,4   14:18     E
12  18,6  23,0   15:58  15,6   01:44   1,0   1,3   0,0   9,7  39,2   00:36   ESE
13  20,4  26,9   16:53  16,2   07:47   0,6   2,7   0,0   7,0  41,8   22:36     E
14  22,1  29,8   14:20  12,8   06:48   1,2   5,0   0,0   5,1  24,5   14:33     E
15  25,1  33,6   15:21  16,9   05:57   0,1   6,9   0,0   8,5  33,1   17:59    NE
16  24,1  32,4   14:20  17,5   06:00   0,0   5,8   0,0   8,2  33,1   14:11   NNO
17  21,4  29,7   13:05  16,2   23:58   0,1   3,2   2,4   5,0  33,1   13:25     S
18  22,6  30,7   15:42  13,0   06:18   1,2   5,4   0,0   4,3  20,9   21:20   ENE
19  25,7  34,5   14:41  16,5   06:26   0,2   7,6   0,6  11,2  34,2   14:58   NNE
20  23,6  28,1   15:29  17,4   23:59   0,0   5,3   2,1  15,1  51,5   15:50   SSE
21  17,2  22,8   15:45  12,4   06:24   2,1   1,0   0,0   9,3  41,8   08:51   SSE
22  20,1  29,9   15:43  11,0   04:43   2,2   4,0   0,0  12,5  42,8   13:22    NE
23  19,7  26,3   11:39  14,8   23:59   0,4   1,8   0,0  12,7  56,2   13:06   SSE
24  15,4  22,1   15:09   8,8   06:27   3,5   0,7   0,0   9,6  39,2   01:51    SE
25  14,9  21,8   13:12   9,1   05:28   3,8   0,4   0,0  11,3  30,6   00:19   ENE
26  20,2  30,0   16:41  11,4   06:11   2,0   3,9   0,0   4,2  25,6   00:10   SSO
27  20,3  28,2   14:51  10,9   06:48   1,5   3,5   0,0   9,8  41,8   09:30     E
28  20,7  29,5   15:20  12,1   05:43   1,6   4,0   0,0  14,0  40,3   09:24    NE
29  23,0  31,2   14:53  14,1   05:57   0,7   5,4   0,0  10,5  29,5   10:31   ENE
30  22,2  28,9   14:36  15,3   06:22   0,4   4,4   0,0  12,0  34,2   15:54     E
31  19,8  22,7   18:39  17,2   11:09   0,2   1,6  22,2  12,9  46,4   11:09   ENE
----------------------------------------------------------------------------------
    19,8  34,5    19     4,5     2    53,3  98,6  30,3   9,8  56,2    23       E

Max >=  27,0: 18
Max <=   0,0:  0
Min <=   0,0:  0
Min <= -18,0:  0
Max Rain: 22,2 on day 31
Days of Rain: 6 (>= 0,2 mm)  4 (>= 2,0 mm)  1 (>= 20,0 mm)
Heat Base: 18,3  Cool Base: 18,3  Method: Integration