NOAA-Style Climate Reports

Select a Year or Month report
2017: Ene Feb Mar Abr May Jun Jul Ago Sep Oct Nov Dic
2016: Ene Feb Mar Abr May Jun Jul Ago Sep Oct Nov Dic
2015: Ene Feb Mar Abr May Jun Jul Ago Sep Oct Nov Dic
2014: Ene Feb Mar Abr May Jun Jul Ago Sep Oct Nov Dic
2013: Ene Feb Mar Abr May Jun Jul Ago Sep Oct Nov Dic
2012: Ene Feb Mar Abr May Jun Jul Ago Sep Oct Nov Dic

Report for 2013 Septiembre
                   Monthly Climatological Summary for sep 2013

Name: WXElortondo   City: Elortondo   State: Argentina
Elevation: 104 m  Lat: S 33° 42' 17"   Lon: W 061° 37' 16"

                  Temperature (°C), Rain (mm), Wind Speed (km/h)

                                      Heat  Cool        Avg
    Mean                              Deg   Deg         Wind                 Dom
Day Temp  High   Time   Low    Time   Days  Days  Rain  Speed High   Time    Dir
----------------------------------------------------------------------------------
 1  20,2  31,5   14:54  10,0   04:27   2,3   4,2   0,0   3,3  15,8   04:19   ENE
 2  16,4  23,9   14:09  10,8   06:58   3,1   1,2   0,0  10,8  49,0   15:52    SE
 3  12,2  17,2   15:14   8,3   07:11   6,1   0,0   0,0  10,4  33,1   12:06   SSE
 4  11,7  19,0   16:26   5,0   06:23   6,6   0,0   0,0  11,3  40,3   12:07    NE
 5  16,0  25,5   16:22   9,0   07:24   3,7   1,4   0,0  10,9  34,2   14:35    NE
 6  19,9  30,3   15:09  10,5   06:04   2,5   4,1   0,0  10,2  33,1   13:30   ENE
 7  21,6  27,3   16:21  15,4   23:59   0,1   3,4   4,8   6,7  27,0   10:07   ENE
 8  19,2  30,0   16:36   8,8   07:22   2,6   3,5   0,0   5,5  23,4   23:01   NNE
 9  24,5  35,7   15:57  14,6   06:00   0,8   7,1   0,0  12,5  45,4   15:46   NNE
10  29,5  38,0   15:11  21,9   06:54   0,0  11,2   0,0  17,0  56,2   15:01     N
11  24,7  31,3   14:44  16,8   23:57   0,0   6,5   0,0   9,1  33,1   01:27   ONO
12  14,2  16,8   00:00  12,5   23:35   4,1   0,0   0,3  16,2  45,4   18:01     S
13  10,9  13,5   14:23   7,5   22:14   7,4   0,0   0,0  16,4  45,4   00:10     S
14   9,2  13,2   15:37   6,6   08:09   9,1   0,0   0,0  10,9  33,1   17:14    SE
15   9,3  14,3   14:06   5,3   07:12   9,0   0,0   0,0  17,2  45,4   15:04   SSE
16   8,5  11,3   14:33   4,7   23:56   9,8   0,0   0,9  15,5  41,8   05:19     S
17   9,1  15,6   15:50   4,5   00:12   9,2   0,0   0,0   9,9  42,8   13:54    SO
18  12,0  20,7   15:32   2,4   06:22   6,7   0,4   0,0   9,2  51,5   13:05     O
19  15,1  23,9   14:55   5,9   06:17   4,7   1,4   0,0  11,8  43,9   14:40     N
20  16,0  25,7   15:37   7,9   06:56   4,0   1,7   0,0   9,7  34,2   11:52     N
21   9,7  12,0   08:31   7,7   23:58   8,5   0,0   2,1   9,8  39,2   11:06     S
22  10,2  16,7   16:59   2,6   07:16   8,1   0,0   0,3   8,0  36,7   14:53     S
23   8,1  14,0   17:28   3,2   23:58  10,2   0,0   0,0   6,5  30,6   11:07   SSO
24   9,5  18,6   15:19  -0,8   05:34   8,8   0,0   0,0   4,7  23,4   15:57    NE
25  12,4  20,3   14:25   5,4   05:52   6,0   0,1   0,0  11,8  40,3   17:39    NE
26  15,0  22,8   15:28   7,3   06:19   4,3   1,0   0,0  11,4  40,3   10:31    NE
27  16,6  24,9   14:38   9,4   06:20   3,3   1,6   0,0  10,6  33,1   16:28     E
28  10,0  13,9   00:00   6,0   23:58   8,3   0,0  12,3  11,8  47,9   17:45   OSO
29   9,9  17,5   15:24   2,6   06:58   8,3   0,0   0,0  11,9  41,8   12:59     O
30  12,7  16,9   13:25   8,3   06:25   5,6   0,0   0,0  13,0  47,9   15:24   OSO
----------------------------------------------------------------------------------
    14,5  38,0    10    -0,8    24   163,2  48,8  20,7  10,8  56,2    10      SE

Max >=  27,0:  7
Max <=   0,0:  0
Min <=   0,0:  1
Min <= -18,0:  0
Max Rain: 12,3 on day 28
Days of Rain: 6 (>= 0,2 mm)  3 (>= 2,0 mm)  0 (>= 20,0 mm)
Heat Base: 18,3  Cool Base: 18,3  Method: Integration