NOAA-Style Climate Reports

Select a Year or Month report
2017: Ene Feb Mar Abr May Jun Jul Ago Sep Oct Nov Dic
2016: Ene Feb Mar Abr May Jun Jul Ago Sep Oct Nov Dic
2015: Ene Feb Mar Abr May Jun Jul Ago Sep Oct Nov Dic
2014: Ene Feb Mar Abr May Jun Jul Ago Sep Oct Nov Dic
2013: Ene Feb Mar Abr May Jun Jul Ago Sep Oct Nov Dic
2012: Ene Feb Mar Abr May Jun Jul Ago Sep Oct Nov Dic

Report for 2013 Agosto
                   Monthly Climatological Summary for ago 2013

Name: WXElortondo   City: Elortondo   State: Argentina
Elevation: 104 m  Lat: S 33° 42' 17"   Lon: W 061° 37' 16"

                  Temperature (°C), Rain (mm), Wind Speed (km/h)

                                      Heat  Cool        Avg
    Mean                              Deg   Deg         Wind                 Dom
Day Temp  High   Time   Low    Time   Days  Days  Rain  Speed High   Time    Dir
----------------------------------------------------------------------------------
 1  10,1  12,0   17:50   5,8   23:57   8,2   0,0   0,0  12,3  37,8   11:10   SSE
 2   8,2  15,9   16:29   1,4   05:32  10,1   0,0   0,0   3,4  22,0   14:14     S
 3   8,5  14,7   16:08   2,7   06:55   9,8   0,0   0,0   6,1  28,1   12:12   NNE
 4  10,2  21,0   15:23   0,7   07:54   8,6   0,4   0,0   6,3  31,7   15:49     N
 5  13,4  23,7   15:23   6,3   03:49   5,9   1,0   0,0   7,9  30,6   00:08   ONO
 6  13,1  22,7   14:47   5,3   04:26   5,9   0,7   0,0   7,4  40,3   14:35    NE
 7  14,5  22,7   12:26   9,1   07:11   4,6   0,8   0,0  12,3  51,5   14:59   SSE
 8  11,2  15,7   15:15   3,0   23:58   7,1   0,0   0,0  12,1  39,2   04:13   SSO
 9   7,5  17,0   16:06  -0,5   08:10  10,8   0,0   0,0   4,3  25,6   15:13   SSO
10   8,3  17,9   14:38  -1,2   07:22  10,0   0,0   0,0   8,8  33,1   13:34     N
11  11,3  20,3   16:05   5,1   00:51   7,2   0,2   0,0  11,0  41,8   13:10   NNO
12  10,2  15,2   14:31   6,2   23:57   8,1   0,0   0,0  10,7  41,8   14:45   SSO
13   5,5  11,9   15:24  -1,2   08:12  12,8   0,0   0,0   6,7  35,6   12:56     S
14   7,0  15,1   14:22   0,3   03:36  11,3   0,0   0,0  10,0  34,2   16:30     N
15   9,5  18,5   15:16   2,7   06:21   8,8   0,0   0,0  16,9  60,1   12:56     N
16  10,1  18,8   16:42   1,7   07:53   8,2   0,0   0,0   8,6  40,3   09:47   SSE
17  10,5  19,1   15:56   2,7   05:29   7,9   0,0   0,0   9,1  40,3   14:08    NE
18  12,7  22,0   16:03   4,8   07:31   6,3   0,7   0,0  10,8  39,2   14:38    NE
19  17,1  28,3   16:27   9,2   07:26   3,7   2,6   0,0   8,2  34,2   10:52   NNE
20  18,7  27,2   13:30  11,3   05:18   2,3   2,7   0,0   7,2  30,6   13:35   ENE
21  18,4  26,7   15:37  11,3   06:46   2,2   2,3   0,0   4,5  55,1   23:45   SSE
22   8,5  14,5   00:00   0,9   23:57   9,8   0,0   0,0  18,6  60,1   05:30   SSO
23   5,3  10,9   14:52  -0,4   04:47  13,0   0,0   0,0   4,9  22,0   10:24   SSE
24   6,5  12,0   16:22   0,0   08:07  11,8   0,0   0,0   3,7  18,4   10:12     E
25   6,6  13,1   14:48   0,4   07:17  11,7   0,0   0,0   7,9  28,1   10:18    SE
26   5,5  12,6   16:05  -2,2   05:46  12,8   0,0   0,0   4,4  19,4   12:02     E
27   8,9  19,3   16:43  -1,0   06:53   9,5   0,1   0,0  11,8  40,3   13:50     N
28  16,2  28,0   15:21   6,5   05:34   4,6   2,5   0,0  13,1  40,3   14:52     N
29  18,9  29,5   16:18   9,7   07:22   2,8   3,4   0,0  14,1  47,9   14:41     N
30  19,3  30,6   16:16   9,3   07:53   2,7   3,6   0,0  12,1  39,2   11:38   NNE
31  19,8  30,1   15:00  11,1   07:44   2,0   3,5   0,0   7,4  23,4   15:11    NE
----------------------------------------------------------------------------------
    11,3  30,6    30    -2,2    26   240,5  24,5   0,0   9,1  60,1    15     NNE

Max >=  27,0:  6
Max <=   0,0:  0
Min <=   0,0:  7
Min <= -18,0:  0
Max Rain: 0,0 on day 0
Days of Rain: 0 (>= 0,2 mm)  0 (>= 2,0 mm)  0 (>= 20,0 mm)
Heat Base: 18,3  Cool Base: 18,3  Method: Integration