NOAA-Style Climate Reports

Select a Year or Month report
2017: Ene Feb Mar Abr May Jun Jul Ago Sep Oct Nov Dic
2016: Ene Feb Mar Abr May Jun Jul Ago Sep Oct Nov Dic
2015: Ene Feb Mar Abr May Jun Jul Ago Sep Oct Nov Dic
2014: Ene Feb Mar Abr May Jun Jul Ago Sep Oct Nov Dic
2013: Ene Feb Mar Abr May Jun Jul Ago Sep Oct Nov Dic
2012: Ene Feb Mar Abr May Jun Jul Ago Sep Oct Nov Dic

Report for 2013 Julio
                   Monthly Climatological Summary for jul 2013

Name: WXElortondo   City: Elortondo   State: Argentina
Elevation: 104 m  Lat: S 33° 42' 17"   Lon: W 061° 37' 16"

                  Temperature (°C), Rain (mm), Wind Speed (km/h)

                                      Heat  Cool        Avg
    Mean                              Deg   Deg         Wind                 Dom
Day Temp  High   Time   Low    Time   Days  Days  Rain  Speed High   Time    Dir
----------------------------------------------------------------------------------
 1  12,1  20,2   15:48   4,6   04:02   6,4   0,3   0,0   6,4  20,9   12:48     N
 2  15,2  21,0   15:24   7,9   08:26   4,2   1,1   0,0  15,7  47,9   13:36     N
 3  19,6  25,6   15:34  11,6   11:12   1,1   2,4   0,0  13,9  42,8   13:24     N
 4  16,7  21,1   12:41  12,7   21:57   1,7   0,2   0,0   5,2  25,6   15:10    NO
 5  15,0  16,8   12:47  13,3   07:20   3,3   0,0   0,0   5,5  24,5   13:30     E
 6  11,2  15,0   00:00   9,4   10:03   7,1   0,0   0,0  13,9  40,3   04:50   SSO
 7   7,7  12,7   15:22   3,2   06:55  10,6   0,0   0,0   5,9  19,4   16:14     S
 8   7,9  14,2   15:24   1,4   02:57  10,4   0,0   0,0   7,1  28,1   14:02    NE
 9   9,7  10,4   01:11   8,0   10:53   8,6   0,0  10,2   6,8  25,6   05:38   ENE
10  12,4  14,4   13:52  10,2   00:00   5,9   0,0   4,5   4,1  19,4   12:09   ENE
11  14,0  15,2   15:08  12,6   23:51   4,3   0,0   1,5   6,8  29,5   14:27     S
12  11,3  15,6   14:02   8,8   07:03   7,0   0,0   0,0   7,0  24,5   22:34     S
13  11,4  16,9   15:48   6,3   07:30   6,9   0,0   0,0   6,9  28,1   14:02   NNO
14  10,1  16,3   15:18   5,9   23:54   8,2   0,0   0,0   5,5  24,5   12:01    SO
15  10,1  18,9   15:55   3,2   05:37   8,3   0,0   0,0   6,5  33,1   15:21   NNO
16  14,0  24,8   16:12   5,8   08:00   5,5   1,2   0,0   6,3  23,4   12:57   NNO
17  15,9  25,9   16:04   8,5   07:18   3,9   1,5   0,0   4,4  17,3   12:33   NNO
18   8,7  13,8   00:00   2,4   22:12   9,6   0,0   0,0  14,7  58,7   08:44     S
19   6,3  12,5   13:57   2,6   07:58  12,0   0,0   0,0   4,3  19,4   19:37     N
20   6,7  14,4   14:52   0,5   23:54  11,6   0,0   0,0  11,8  43,9   16:08     O
21   3,1   8,6   14:22  -0,9   05:51  15,3   0,0   1,2  14,7  52,6   14:26   OSO
22   4,3   9,4   15:55  -0,4   08:28  14,0   0,0   0,0  12,2  42,8   13:59   OSO
23   3,6  10,3   14:33  -3,7   07:42  14,7   0,0   0,0   6,5  35,6   14:05    NO
24   6,3  14,9   15:13  -2,2   08:11  12,0   0,0   0,0   4,0  18,4   23:23   ONO
25   8,9  19,0   15:54   1,7   07:45   9,4   0,0   0,0  12,6  47,9   14:01   NNE
26  10,3  16,8   14:36   4,7   08:17   8,0   0,0   0,0  14,2  56,2   12:58   NNE
27  13,3  14,5   23:59   7,6   00:00   0,0   0,0   0,0   4,0   1,1   23:59     E
28  14,6  25,8   18:39   8,5   11:09   4,7   1,0   0,0   5,6  18,4   21:19     N
29  15,0  23,6   14:29   8,3   07:44   4,4   1,0   0,0   6,9  20,9   12:14    NE
30  16,3  23,4   14:42  11,5   02:59   3,0   1,0   0,0  10,7  39,2   12:17   ENE
31  15,8  18,3   11:38  11,8   23:41   2,5   0,0   0,0  13,1  45,4   12:53     S
----------------------------------------------------------------------------------
    11,2  25,9    17    -3,7    23   224,6   9,7  17,4   8,5  58,7    18     NNO

Max >=  27,0:  0
Max <=   0,0:  0
Min <=   0,0:  4
Min <= -18,0:  0
Max Rain: 10,2 on day 9
Days of Rain: 4 (>= 0,2 mm)  2 (>= 2,0 mm)  0 (>= 20,0 mm)
Heat Base: 18,3  Cool Base: 18,3  Method: Integration