NOAA-Style Climate Reports

Select a Year or Month report
2017: Ene Feb Mar Abr May Jun Jul Ago Sep Oct Nov Dic
2016: Ene Feb Mar Abr May Jun Jul Ago Sep Oct Nov Dic
2015: Ene Feb Mar Abr May Jun Jul Ago Sep Oct Nov Dic
2014: Ene Feb Mar Abr May Jun Jul Ago Sep Oct Nov Dic
2013: Ene Feb Mar Abr May Jun Jul Ago Sep Oct Nov Dic
2012: Ene Feb Mar Abr May Jun Jul Ago Sep Oct Nov Dic

Report for 2013 Junio
                   Monthly Climatological Summary for jun 2013

Name: WXElortondo   City: Elortondo   State: Argentina
Elevation: 104 m  Lat: S 33° 42' 17"   Lon: W 061° 37' 16"

                  Temperature (°C), Rain (mm), Wind Speed (km/h)

                                      Heat  Cool        Avg
    Mean                              Deg   Deg         Wind                 Dom
Day Temp  High   Time   Low    Time   Days  Days  Rain  Speed High   Time    Dir
----------------------------------------------------------------------------------
 1  13,4  23,6   15:59   6,0   07:32   5,8   0,9   0,0   5,1  29,5   16:11   NNO
 2  10,8  18,0   16:28   5,8   08:18   7,5   0,0  12,0   4,2  18,4   10:50   OSO
 3  12,9  23,2   14:29   5,5   07:29   6,3   0,9   0,0   6,5  22,0   10:02   NNO
 4  15,9  25,5   14:01   7,9   07:28   4,1   1,6   0,0   5,3  20,9   03:04   ONO
 5  15,6  25,6   13:35   8,6   23:57   4,0   1,3   0,0   7,7  39,2   13:53   OSO
 6   9,8  17,4   15:51   2,5   07:39   8,5   0,0   0,0   4,4  28,1   22:15     N
 7  11,5  20,7   15:10   5,6   07:42   7,0   0,2   0,0   6,2  30,6   11:08   NNO
 8  11,7  18,2   15:23   5,3   03:57   6,6   0,0   0,0   8,6  36,7   12:08   ENE
 9  13,1  17,3   15:36  11,1   22:58   5,2   0,0   0,3   5,3  24,5   13:51   NNE
10  14,0  22,4   15:29   8,5   08:43   4,8   0,5   0,0   5,2  22,0   15:50     N
11  16,9  22,8   16:16  14,5   03:39   2,0   0,6   0,0   7,5  31,7   13:31     N
12  18,9  26,4   16:22  13,8   08:01   1,5   2,1   0,0   7,2  28,1   13:22     N
13  19,9  29,2   15:22  14,2   08:04   1,3   2,8   0,0   5,4  18,4   13:12    NO
14  12,5  17,6   00:00   8,0   22:06   5,8   0,0   0,0  10,1  39,2   13:04   ESE
15  10,1  14,0   14:35   5,8   07:43   8,2   0,0   0,0   9,3  30,6   15:44    NE
16  10,7  12,8   06:28   4,5   23:44   7,6   0,0   0,9   8,6  46,4   08:28   SSO
17   8,4  15,7   15:33   4,0   00:25   9,9   0,0   0,0   4,7  20,9   10:56    NE
18   9,8  14,7   16:22   3,4   23:57   8,5   0,0   0,9   6,5  31,7   17:11   SSO
19   5,1  12,1   14:47   0,2   02:44  13,2   0,0   0,0   2,9  17,3   13:06    SE
20   6,4  14,6   14:27   0,1   08:28  12,0   0,0   0,0   3,9  22,0   16:34     N
21   7,8  17,9   16:10   0,2   03:34  10,5   0,0   0,0   5,9  24,5   14:59   NNO
22   8,3  15,3   14:13   3,0   07:33  10,0   0,0   0,0   5,3  24,5   15:19     S
23   8,0  13,0   15:20   4,0   23:54  10,3   0,0   0,0   3,6  15,8   13:45   ESE
24   8,4  16,8   15:37   1,1   07:49   9,9   0,0   0,0   4,5  18,4   13:50   ESE
25   8,4  17,6   15:12   0,2   08:10   9,9   0,0   0,0   3,0  15,8   16:24   NNE
26  11,8  21,4   16:21   4,8   07:51   6,9   0,4   0,0   7,1  28,1   10:56   NNO
27  11,1  17,1   15:48   5,7   06:45   7,2   0,0   0,0  10,7  49,0   14:13   NNE
28  13,0  18,2   13:21   8,4   23:52   5,3   0,0   0,0   5,5  25,6   00:05   NNE
29  11,1  19,5   16:31   3,0   08:19   7,3   0,1   0,0   4,6  29,5   11:33   SSE
30   9,7  16,4   16:19   4,1   04:43   8,6   0,0   0,9   5,9  24,5   10:42     E
----------------------------------------------------------------------------------
    11,5  29,2    13     0,1    20   215,7  11,4  15,0   6,0  49,0    27     NNE

Max >=  27,0:  1
Max <=   0,0:  0
Min <=   0,0:  0
Min <= -18,0:  0
Max Rain: 12,0 on day 2
Days of Rain: 5 (>= 0,2 mm)  1 (>= 2,0 mm)  0 (>= 20,0 mm)
Heat Base: 18,3  Cool Base: 18,3  Method: Integration