NOAA-Style Climate Reports


Report for 2013 Mayo
                   Monthly Climatological Summary for may 2013

Name: WXElortondo   City: Elortondo   State: Argentina
Elevation: 104 m  Lat: S 33° 42' 17"   Lon: W 061° 37' 16"

                  Temperature (°C), Rain (mm), Wind Speed (km/h)

                                      Heat  Cool        Avg
    Mean                              Deg   Deg         Wind                 Dom
Day Temp  High   Time   Low    Time   Days  Days  Rain  Speed High   Time    Dir
----------------------------------------------------------------------------------
 1  19,8  25,3   15:11  16,2   03:10   0,6   2,1   0,0   5,9  24,5   13:50    NE
 2  19,5  20,2   12:11  18,6   07:44   0,0   1,2   5,4   6,4  31,7   10:21   ESE
 3  17,4  21,2   14:13  12,5   23:57   1,2   0,3  42,3   8,0  36,7   08:47    SE
 4  14,6  23,0   16:46   8,3   08:23   4,4   0,7   0,0   1,7  14,8   14:01   SSO
 5  16,8  25,0   15:09  10,1   07:28   3,1   1,6   0,0   3,2  20,9   14:50     O
 6  16,3  24,6   13:53  11,3   22:11   3,5   1,5   0,0   9,8  46,4   16:52     O
 7  11,8  20,4   15:32   4,0   06:12   6,7   0,2   0,0   6,8  25,6   15:12   NNO
 8  16,6  27,0   15:49   8,1   07:08   3,8   2,1   0,0  10,7  37,8   13:38     N
 9  18,5  26,1   15:18  12,0   07:56   1,9   2,1   0,0   7,2  23,4   11:35   NNE
10  19,8  27,1   15:17  13,6   07:54   1,2   2,7   0,0   6,1  24,5   11:49   NNE
11  18,2  23,8   13:28  11,3   23:59   1,6   1,5   0,0   7,1  36,7   06:26     S
12  15,2  23,4   15:51   7,5   07:09   4,2   1,0   0,0   3,1  18,4   11:50     E
13  15,8  22,4   12:53  10,3   07:46   3,2   0,8   0,0   1,8  13,3   09:29     E
14  14,5  22,4   14:09   9,0   22:17   4,3   0,6  13,5   7,1  49,0   20:43   SSE
15   8,0  12,1   15:32   3,2   23:06  10,3   0,0   5,4  10,7  40,3   13:56   SSO
16   7,4  15,6   15:00   0,5   06:48  10,9   0,0   0,0   3,2  19,4   15:17   OSO
17  10,4  17,9   15:38   4,4   07:13   7,9   0,0   0,0   6,1  25,6   14:21   NNE
18   9,4  10,5   06:51   8,0   12:33   8,9   0,0   5,4   5,4  23,4   15:51    NE
19  10,9  15,4   13:56   7,7   23:56   7,4   0,0   0,0   2,5  14,8   02:00     S
20   9,6  16,9   15:05   3,3   06:24   8,7   0,0   0,0   2,5  17,3   12:36   NNE
21  10,2  17,7   15:53   3,6   08:22   8,1   0,0   0,0   2,9  17,3   12:45    NE
22  10,2  18,8   14:20   2,6   07:00   8,1   0,0   0,0   1,7  11,2   00:22   SSE
23  11,0  19,0   15:06   4,1   08:07   7,4   0,0   0,0   4,0  24,5   12:03     N
24  13,4  24,1   15:15   5,7   07:26   6,0   1,0   0,0   4,5  18,4   12:43    NO
25  14,0  22,1   15:26   7,0   07:57   5,0   0,7   0,0   7,9  33,1   14:43   NNE
26  15,1  21,8   14:42  10,0   07:39   3,9   0,7   0,0   6,8  27,0   12:17     N
27  15,2  22,2   16:23   9,7   06:25   3,8   0,7   0,0   7,9  31,7   16:40    NE
28  17,3  22,7   13:51  13,9   23:07   1,8   0,8   0,3   9,4  33,1   19:00    SO
29  13,4  20,2   14:31   7,2   08:07   5,1   0,3   0,0  10,4  66,2   16:17   OSO
30  13,0  22,2   15:19   5,5   08:06   5,9   0,6   0,0   8,1  39,2   15:11   NNO
31  16,1  23,1   16:00   9,7   23:59   2,9   0,7   0,0  11,1  43,9   13:32   NNO
----------------------------------------------------------------------------------
    14,2  27,1    10     0,5    16   151,8  23,9  72,3   6,1  66,2    29       N

Max >=  27,0:  2
Max <=   0,0:  0
Min <=   0,0:  0
Min <= -18,0:  0
Max Rain: 42,3 on day 3
Days of Rain: 6 (>= 0,2 mm)  5 (>= 2,0 mm)  1 (>= 20,0 mm)
Heat Base: 18,3  Cool Base: 18,3  Method: Integration