NOAA-Style Climate Reports


Report for 2013 Abril
                   Monthly Climatological Summary for abr 2013

Name: WXElortondo   City: Elortondo   State: Argentina
Elevation: 104 m  Lat: S 33° 42' 17"   Lon: W 061° 37' 16"

                  Temperature (°C), Rain (mm), Wind Speed (km/h)

                                      Heat  Cool        Avg
    Mean                              Deg   Deg         Wind                 Dom
Day Temp  High   Time   Low    Time   Days  Days  Rain  Speed High   Time    Dir
----------------------------------------------------------------------------------
 1  19,3  25,4   15:45  17,2   07:31   0,3   1,3  45,3   6,4  29,5   01:26     S
 2  17,7  21,6   13:50  15,9   21:47   1,1   0,5   0,0   8,4  37,8   18:29    SO
 3  16,9  20,4   16:59  13,1   23:57   1,8   0,4   0,0   6,4  27,0   12:49   OSO
 4  17,3  25,1   16:05  10,6   07:04   2,7   1,8   0,0   6,0  30,6   11:22    NO
 5  20,8  29,8   16:02  13,8   06:47   1,3   3,8   0,0   6,0  39,2   11:29   OSO
 6  16,4  21,6   14:56   9,4   23:53   2,5   0,6   0,0   8,8  43,9   13:08   SSO
 7  15,3  24,8   15:51   6,4   06:59   4,6   1,6   0,0   2,7  18,4   10:37     N
 8  18,6  27,5   15:52  10,2   06:49   2,5   2,8   0,0   4,3  18,4   21:17   NNE
 9  19,2  27,6   14:13  11,5   06:07   1,9   2,9   0,0   8,5  31,7   13:05    NE
10  18,9  25,9   12:07  14,8   07:31   1,2   1,8   0,0   9,8  33,1   22:49   ENE
11  17,9  22,8   16:51  14,7   23:32   1,0   0,6  15,3   6,6  28,1   03:25    SE
12  14,9  20,8   15:04   7,0   23:44   3,8   0,4   0,0   9,9  45,4   13:17   SSO
13  13,8  25,9   09:30   5,8   04:00   5,5   1,0   0,0   4,1  23,4   13:35   ONO
14  18,2  27,4   15:30  10,2   05:50   2,9   2,8   0,0   7,4  35,6   15:40   ONO
15  21,1  31,1   16:10  12,3   06:39   1,4   4,3   0,0   3,7  19,4   13:03   OSO
16  20,3  29,1   15:27  13,8   07:05   1,2   3,2   0,0   6,2  23,4   09:14   ENE
17  20,2  30,3   15:09  11,8   07:28   1,8   3,8   0,0   7,9  29,5   15:27   NNE
18  21,1  31,2   15:31  12,9   07:15   1,3   4,1   0,0   8,1  29,5   11:56     N
19  20,9  31,2   15:37  12,2   07:34   1,5   4,1   0,0   7,4  24,5   12:42     N
20  20,5  29,4   15:44  13,2   05:14   1,4   3,7   0,0   7,3  34,2   11:54    NE
21  21,0  30,6   15:26  13,3   07:36   1,3   4,1   0,0   7,7  28,1   13:09    NE
22  21,2  30,6   14:56  13,6   07:44   1,2   4,1   0,0   7,0  28,1   12:20    NE
23  21,4  29,5   14:32  14,7   07:20   0,8   3,9   0,0   6,6  25,6   12:24    NE
24  21,7  29,6   15:28  15,4   06:13   0,5   4,0   0,0   7,5  29,5   13:39    NE
25  21,5  30,6   15:21  14,4   07:51   1,1   4,3   0,0   6,8  28,1   12:27   NNE
26  21,4  28,7   14:19  14,8   07:30   0,6   3,7   0,0   7,7  28,1   15:33   ENE
27  17,6  18,4   08:10  16,6   10:43   0,7   0,0  24,9   5,8  28,1   01:54     E
28  16,2  20,8   15:22  12,0   08:06   2,4   0,4   1,5   6,9  33,1   15:27     O
29  17,0  25,1   14:54  11,6   07:40   2,7   1,4   0,0   3,6  19,4   12:48    SO
30  17,8  24,3   15:27  12,3   06:14   2,0   1,5   0,0   4,8  22,0   13:46   ENE
----------------------------------------------------------------------------------
    18,9  31,2    18     5,8    13    55,0  72,9  87,0   6,7  45,4    12     NNE

Max >=  27,0: 16
Max <=   0,0:  0
Min <=   0,0:  0
Min <= -18,0:  0
Max Rain: 45,3 on day 1
Days of Rain: 4 (>= 0,2 mm)  3 (>= 2,0 mm)  2 (>= 20,0 mm)
Heat Base: 18,3  Cool Base: 18,3  Method: Integration