NOAA-Style Climate Reports

Select a Year or Month report
2017: Ene Feb Mar Abr May Jun Jul Ago Sep Oct Nov Dic
2016: Ene Feb Mar Abr May Jun Jul Ago Sep Oct Nov Dic
2015: Ene Feb Mar Abr May Jun Jul Ago Sep Oct Nov Dic
2014: Ene Feb Mar Abr May Jun Jul Ago Sep Oct Nov Dic
2013: Ene Feb Mar Abr May Jun Jul Ago Sep Oct Nov Dic
2012: Ene Feb Mar Abr May Jun Jul Ago Sep Oct Nov Dic

Report for 2013 Marzo
                   Monthly Climatological Summary for mar 2013

Name: WXElortondo   City: Elortondo   State: Argentina
Elevation: 104 m  Lat: S 33° 42' 17"   Lon: W 061° 37' 16"

                  Temperature (°C), Rain (mm), Wind Speed (km/h)

                                      Heat  Cool        Avg
    Mean                              Deg   Deg         Wind                 Dom
Day Temp  High   Time   Low    Time   Days  Days  Rain  Speed High   Time    Dir
----------------------------------------------------------------------------------
 1  23,8  30,8   16:15  16,9   05:09   0,2   5,7  28,5  10,7  74,5   23:23    NE
 2  20,5  25,3   16:19  15,9   23:53   0,2   2,5   2,7  12,1  45,4   09:48    SO
 3  17,5  24,0   15:29  13,1   23:58   1,9   1,1   0,0   8,6  29,5   08:29   SSO
 4  17,6  25,2   15:35  10,0   07:05   2,6   2,0   0,0   2,7  18,4   12:11     S
 5  19,7  27,8   16:08  12,0   06:45   1,7   3,2   0,0   5,6  23,4   11:36     N
 6  22,6  30,9   15:33  15,3   06:18   0,8   5,1   0,0   8,3  36,7   09:28   NNO
 7  22,7  30,6   14:41  15,4   04:27   0,5   4,9   0,0   6,8  25,6   05:35   ENE
 8  22,5  30,2   15:40  15,1   05:53   0,6   4,8   0,0   4,4  19,4   14:15     E
 9  23,9  31,1   14:57  19,3   05:18   0,0   5,6   0,0   5,5  31,7   18:29    NE
10  21,7  27,3   14:05  15,5   23:46   0,2   3,6   0,0   7,9  37,8   09:36     S
11  17,1  22,8   17:45  12,6   05:07   1,9   0,7   2,1   2,8  20,9   10:44   NNE
12  18,6  26,0   16:44  12,8   04:16   1,8   2,1   0,0   5,5  27,0   11:14     E
13  15,3  20,3   16:48  11,0   23:45   3,2   0,2   0,0   4,5  25,6   09:58    SE
14  13,5  18,0   14:02   8,7   04:44   4,8   0,0   0,0   2,6  14,8   16:23    NE
15  14,7  20,3   14:10  10,2   07:03   3,8   0,1   0,0   3,9  22,0   12:14     S
16  15,7  21,9   14:50  11,6   06:23   3,3   0,7   0,0   5,5  24,5   16:02     E
17  16,3  22,1   13:29  11,1   07:16   2,5   0,5   0,0   7,7  35,6   10:26   ENE
18  17,6  24,9   15:20  12,6   05:20   2,2   1,5   0,0   6,9  25,6   14:25   ENE
19  19,0  25,4   15:44  13,6   07:27   1,3   2,0   0,0   7,2  24,5   14:18     E
20  20,0  27,3   15:05  16,1   05:58   0,5   2,2   0,6   2,7  20,9   14:41   ESE
21  19,9  29,1   16:14  12,5   06:53   1,8   3,4   0,0   5,3  30,6   14:18   SSO
22  20,7  30,3   16:09  11,8   07:09   1,9   4,4   0,0   4,2  25,6   16:13   ENE
23  21,9  27,8   15:53  16,9   07:39   0,1   3,7   1,2   6,4  27,0   10:24   ENE
24  22,2  31,4   16:05  15,2   07:08   0,7   4,5   0,0   7,4  31,7   13:22   NNE
25  20,0  27,6   15:17  13,8   23:57   1,1   2,8   9,6   7,2  41,8   01:38    SO
26  19,1  28,6   15:29   9,4   07:25   2,6   3,4   0,0   3,5  22,0   16:38   SSE
27  20,3  29,0   15:33  12,9   07:09   1,5   3,5   0,0   6,4  22,0   10:17    NE
28  20,5  30,4   16:20  11,9   07:19   1,8   4,0   0,0   7,6  25,6   10:50    NE
29  21,4  29,9   15:09  13,5   07:14   1,2   4,3   0,0   7,9  33,1   11:06    NE
30  23,1  32,1   16:12  15,1   07:27   0,6   5,5   0,0   6,2  24,5   11:21    NE
31  22,4  28,4   12:56  17,9   21:57   0,0   4,2   0,3   7,5  29,5   14:41    SE
----------------------------------------------------------------------------------
    19,7  32,1    30     8,7    14    47,3  92,2  45,0   6,2  74,5     1       E

Max >=  27,0: 19
Max <=   0,0:  0
Min <=   0,0:  0
Min <= -18,0:  0
Max Rain: 28,5 on day 1
Days of Rain: 7 (>= 0,2 mm)  4 (>= 2,0 mm)  1 (>= 20,0 mm)
Heat Base: 18,3  Cool Base: 18,3  Method: Integration