NOAA-Style Climate Reports

Select a Year or Month report
2017: Ene Feb Mar Abr May Jun Jul Ago Sep Oct Nov Dic
2016: Ene Feb Mar Abr May Jun Jul Ago Sep Oct Nov Dic
2015: Ene Feb Mar Abr May Jun Jul Ago Sep Oct Nov Dic
2014: Ene Feb Mar Abr May Jun Jul Ago Sep Oct Nov Dic
2013: Ene Feb Mar Abr May Jun Jul Ago Sep Oct Nov Dic
2012: Ene Feb Mar Abr May Jun Jul Ago Sep Oct Nov Dic

Report for 2013 Febrero
                   Monthly Climatological Summary for feb 2013

Name: WXElortondo   City: Elortondo   State: Argentina
Elevation: 104 m  Lat: S 33° 42' 17"   Lon: W 061° 37' 16"

                  Temperature (°C), Rain (mm), Wind Speed (km/h)

                                      Heat  Cool        Avg
    Mean                              Deg   Deg         Wind                 Dom
Day Temp  High   Time   Low    Time   Days  Days  Rain  Speed High   Time    Dir
----------------------------------------------------------------------------------
 1  28,6  37,3   16:21  20,8   05:29   0,0  10,3   1,2   6,9  28,1   10:58   NNO
 2  26,4  33,9   15:37  20,7   06:27   0,0   8,2   0,0   6,6  34,2   17:33     S
 3  22,8  29,9   16:33  14,6   06:45   0,5   5,0   0,0   7,5  29,5   01:15     E
 4  22,7  31,1   15:59  14,0   06:42   0,9   5,3   0,0   8,6  28,1   08:46    NE
 5  24,5  32,0   16:16  16,4   06:40   0,2   6,4   0,0   7,9  29,5   14:49   ENE
 6  25,0  32,4   16:11  17,0   06:36   0,1   6,8   0,0   8,0  28,1   13:10   ENE
 7  25,5  32,5   15:42  17,7   06:53   0,0   7,2   0,0   6,5  27,0   11:40   ENE
 8  26,8  35,1   14:58  18,6   01:51   0,0   8,5   0,0   6,3  25,6   12:34   ENE
 9  28,0  35,7   15:14  20,3   06:39   0,0   9,7   0,0   7,5  31,7   13:25    NE
10  28,2  34,9   16:03  22,7   06:30   0,0   9,9   0,0   5,7  24,5   08:48   SSO
11  28,1  35,4   15:38  19,8   06:43   0,0   9,8   0,0   4,5  20,9   13:28     O
12  27,8  36,3   15:06  20,9   06:20   0,0   9,5   0,0   8,1  30,6   17:12   NNO
13  21,1  25,7   00:22  18,0   23:59   0,0   2,8  32,1   6,7  58,7   00:41   NNO
14  24,8  33,6   17:05  15,7   05:16   0,4   6,9   0,0   3,3  18,4   08:50   SSO
15  27,3  35,1   14:50  18,6   06:53   0,0   9,0   0,0   5,3  22,0   13:58    NE
16  24,6  31,6   11:28  20,5   05:25   0,0   6,3   4,5   8,3  40,3   11:57    NE
17  22,5  28,4   14:03  18,4   23:49   0,0   4,2   4,2   9,3  43,9   17:09     S
18  19,7  26,5   14:39  13,6   23:56   1,1   2,4   6,0   6,0  29,5   15:16   ESE
19  16,3  20,8   14:11  13,0   06:12   2,4   0,4  32,1   6,5  27,0   14:45     E
20  18,5  21,7   13:13  15,7   04:42   0,7   1,0   2,4   5,2  23,4   13:30   ESE
21  21,0  28,4   16:13  13,6   06:45   0,9   3,6  15,6   4,7  29,5   00:05     S
22  22,5  29,1   15:58  16,1   03:50   0,4   4,6   0,0   7,5  30,6   14:21    NE
23  23,8  28,5   16:10  20,8   00:04   0,0   5,5   0,0   7,9  30,6   12:29   NNE
24  23,3  29,3   15:42  16,9   23:54   0,0   5,0  27,3   7,5  57,6   02:26   SSO
25  18,4  24,8   15:27  12,8   06:47   1,7   1,7   0,0   9,3  33,1   14:11   SSO
26  18,5  26,0   15:32  10,5   07:01   2,3   2,5   0,0   2,8  18,4   13:43   SSO
27  20,8  28,0   15:19  14,7   02:42   1,1   3,6   0,0   7,5  27,0   10:00    NE
28  22,4  29,7   15:25  15,0   06:53   0,7   4,8   0,0  11,0  37,8   17:18   ENE
----------------------------------------------------------------------------------
    23,6  37,3     1    10,5    26    13,4 160,9 125,4   6,9  58,7    13     ENE

Max >=  27,0: 22
Max <=   0,0:  0
Min <=   0,0:  0
Min <= -18,0:  0
Max Rain: 32,1 on day 13
Days of Rain: 9 (>= 0,2 mm)  8 (>= 2,0 mm)  3 (>= 20,0 mm)
Heat Base: 18,3  Cool Base: 18,3  Method: Integration