NOAA-Style Climate Reports

Select a Year or Month report
2017: Ene Feb Mar Abr May Jun Jul Ago Sep Oct Nov Dic
2016: Ene Feb Mar Abr May Jun Jul Ago Sep Oct Nov Dic
2015: Ene Feb Mar Abr May Jun Jul Ago Sep Oct Nov Dic
2014: Ene Feb Mar Abr May Jun Jul Ago Sep Oct Nov Dic
2013: Ene Feb Mar Abr May Jun Jul Ago Sep Oct Nov Dic
2012: Ene Feb Mar Abr May Jun Jul Ago Sep Oct Nov Dic

Report for 2013 Enero
                   Monthly Climatological Summary for ene 2013

Name: WXElortondo   City: Elortondo   State: Argentina
Elevation: 104 m  Lat: S 33° 42' 17"   Lon: W 061° 37' 16"

                  Temperature (°C), Rain (mm), Wind Speed (km/h)

                                      Heat  Cool        Avg
    Mean                              Deg   Deg         Wind                 Dom
Day Temp  High   Time   Low    Time   Days  Days  Rain  Speed High   Time    Dir
----------------------------------------------------------------------------------
 1  17,4  22,9   15:51  10,2   06:06   2,2   1,3   0,0   9,7  36,7   13:01   SSO
 2  19,9  27,6   15:41  11,0   03:27   2,0   3,6   0,0   5,9  25,6   09:50    NE
 3  22,9  30,3   17:15  15,0   05:54   0,7   5,3   0,0  10,2  35,6   09:05    NE
 4  23,7  33,0   13:50  18,8   04:07   0,0   5,4   7,5   7,3  47,9   16:04    NE
 5  23,7  30,7   16:44  18,8   05:50   0,0   5,5   0,0   5,6  25,6   14:05    SO
 6  25,3  32,6   16:26  18,2   05:03   0,0   7,0   0,0   5,4  25,6   10:44     N
 7  26,4  33,7   15:28  19,2   06:35   0,0   8,1   0,0   6,0  27,0   14:42    SE
 8  22,0  27,1   15:47  18,1   02:41   0,0   3,7   3,6   5,9  39,2   06:15    SO
 9  25,9  34,2   14:58  17,0   05:48   0,1   7,8   0,0   3,8  18,4   16:47   ESE
10  28,5  36,1   17:07  21,2   05:50   0,0  10,2   0,0   7,7  27,0   11:32    NE
11  27,5  34,6   15:43  20,2   06:18   0,0   9,2   0,0  10,3  35,6   09:28    NE
12  26,1  33,0   16:18  17,8   05:43   0,0   7,8   0,0   8,4  29,5   09:28    NE
13  27,0  33,5   15:08  20,4   06:28   0,0   8,7   0,0   7,8  29,5   15:21     E
14  27,0  33,4   15:31  19,5   06:20   0,0   8,7   0,0   6,0  25,6   13:56     E
15  27,1  34,0   16:31  19,3   06:12   0,0   8,8   0,0   7,0  25,6   14:07   ENE
16  26,0  34,4   16:23  20,5   06:02   0,0   7,7   0,9   5,1  19,4   03:13   NNE
17  25,5  32,3   14:33  20,2   04:42   0,0   7,2   0,0   6,2  33,1   13:15   SSE
18  25,6  33,5   14:45  19,0   05:58   0,0   7,3   0,0   5,1  23,4   16:07    SE
19  22,5  28,9   14:58  16,7   06:05   0,2   4,3   0,0   6,4  33,1   14:45    SE
20  22,5  29,1   15:50  15,4   05:37   0,4   4,6   0,0   8,1  30,6   10:26     E
21  23,9  30,4   14:09  16,4   06:29   0,2   5,7   0,0   8,9  28,1   11:26   ENE
22  25,7  33,1   15:07  18,0   04:41   0,0   7,4   0,0   7,6  25,6   11:31   ENE
23  27,2  33,9   17:16  19,9   06:28   0,0   8,9   0,0   6,6  22,0   12:28   NNE
24  28,2  37,1   14:28  20,8   06:37   0,0  10,0   6,0   9,6  36,7   22:34   OSO
25  19,5  25,3   14:46  14,1   23:49   1,0   2,3   0,0   9,7  41,8   13:19   SSO
26  21,3  30,1   15:28  11,0   04:57   1,9   4,9   0,0   4,5  20,9   23:08   NNE
27  25,3  34,4   16:23  15,8   06:27   0,4   7,4   0,0   9,7  40,3   13:04     N
28  27,7  33,2   12:11  20,3   05:32   0,0   9,4   0,0   6,4  35,6   02:54    NO
29  31,5  31,5   00:00  31,5   00:00  13,2   0,0   0,0   6,5  13,3   00:00   ONO
30  24,2  36,5   16:32  20,6   05:25   0,4   6,3   0,0   5,3  41,8   23:18    SE
31  25,1  30,3   14:15  21,9   06:10   0,0   6,8   4,5   5,9  25,6   07:58    NE
----------------------------------------------------------------------------------
    24,9  37,1    24    10,2     1    22,7 201,3  22,5   7,1  47,9     4     ENE

Max >=  27,0: 29
Max <=   0,0:  0
Min <=   0,0:  0
Min <= -18,0:  0
Max Rain: 7,5 on day 4
Days of Rain: 5 (>= 0,2 mm)  4 (>= 2,0 mm)  0 (>= 20,0 mm)
Heat Base: 18,3  Cool Base: 18,3  Method: Integration