NOAA-Style Climate Reports

Select a Year or Month report
2017: Ene Feb Mar Abr May Jun Jul Ago Sep Oct Nov Dic
2016: Ene Feb Mar Abr May Jun Jul Ago Sep Oct Nov Dic
2015: Ene Feb Mar Abr May Jun Jul Ago Sep Oct Nov Dic
2014: Ene Feb Mar Abr May Jun Jul Ago Sep Oct Nov Dic
2013: Ene Feb Mar Abr May Jun Jul Ago Sep Oct Nov Dic
2012: Ene Feb Mar Abr May Jun Jul Ago Sep Oct Nov Dic

Report for 2013
                   Annual Climatological Summary for 2013

Name: WXElortondo   City: Elortondo   State: Argentina
Elevation: 104 m  Lat: S 33° 42' 17"   Lon: W 061° 37' 16"

                  Temperature (°C), Heat Base: 18,3  Cool Base: 18,3
                          Dep.  Heat  Cool                       Max  Max  Min  Min
        Mean  Mean        From  Deg   Deg                        >=   <=   <=   <=
 YR MO  Max   Min   Mean  Norm  Days  Days  Hi  Date  Low  Date 27,0  0,0  0,0 -18,0
------------------------------------------------------------------------------------
 13  1  32,0  18,3  24,9   0.0    22   201  37,1  24  10,2    1   29    0    0    0
 13  2  30,5  17,1  23,6   0.0    13   160  37,3   1  10,5   26   22    0    0    0
 13  3  27,0  13,5  19,7   0.0    47    92  32,1  30   8,7   14   19    0    0    0
 13  4  26,6  12,5  18,9   0.0    55    72  31,2  18   5,8   13   16    0    0    0
 13  5  21,1   8,4  14,2   0.0   151    23  27,1  10   0,5   16    2    0    0    0
 13  6  18,8   5,7  11,5   0.0   215    11  29,2  13   0,1   20    1    0    0    0
 13  7  17,1   6,0  11,2   0.0   224     9  25,9  17  -3,7   23    0    0    4    0
 13  8  19,6   3,9  11,3   0.0   240    24  30,6  30  -2,2   26    6    0    7    0
 13  9  21,4   8,0  14,5   0.0   163    48  38,0  10  -0,8   24    7    0    1    0
 13 10  27,1  12,9  19,8   0.0    53    98  34,5  19   4,5    2   18    0    0    0
 13 11  28,8  15,0  22,0   0.0    21   132  36,7  14  10,9    3   20    0    0    0
 13 12  34,3  19,9  27,0   0.0     2   271  39,2  25  13,2    3   31    0    0    0
------------------------------------------------------------------------------------
        25,4  11,8  18,2   0.0  1211  1148  39,2 dic  -3,7  jul  171    0   12    0

                                Precipitation (mm)

              Dep.   Max        Days of Rain
              From   Obs.           >=
 YR MO Total  Norm   Day Date  0,2  2,0 20,0
---------------------------------------------
 13  1  22,5   0.0   7,5   4     5    4    0
 13  2 125,4   0.0  32,1  13     9    8    3
 13  3  45,0   0.0  28,5   1     7    4    1
 13  4  87,0   0.0  45,3   1     4    3    2
 13  5  72,3   0.0  42,3   3     6    5    1
 13  6  15,0   0.0  12,0   2     5    1    0
 13  7  17,4   0.0  10,2   9     4    2    0
 13  8   0,0   0.0   0,0   0     0    0    0
 13  9  20,7   0.0  12,3  28     6    3    0
 13 10  30,3   0.0  22,2  31     6    4    1
 13 11 202,2   0.0  76,2  25     8    7    4
 13 12  38,7   0.0  21,0   8     5    4    1
---------------------------------------------
       676,5   0.0  76,2  nov   65   45   13

                                Wind Speed (km/h)
                          Dom
 YR MO   Avg.  Hi   Date  Dir
------------------------------
 13  1   7,1  47,9    4   ENE
 13  2   6,9  58,7   13   ENE
 13  3   6,2  74,5    1     E
 13  4   6,7  45,4   12   NNE
 13  5   6,1  66,2   29     N
 13  6   6,0  49,0   27   NNE
 13  7   8,5  58,7   18     N
 13  8   9,1  60,1   22   NNE
 13  9  10,8  56,2   10    SE
 13 10   9,8  56,2   23     E
 13 11   9,8  66,2   15     E
 13 12   7,3  62,3    8   ENE
------------------------------
         7,8  74,5  mar   ENE