NOAA-Style Climate Reports


Report for 2012 Diciembre
                   Monthly Climatological Summary for dic 2012

Name: WXElortondo   City: Elortondo   State: Argentina
Elevation: 104 m  Lat: S 33° 42' 17"   Lon: W 061° 37' 16"

                  Temperature (°C), Rain (mm), Wind Speed (km/h)

                                      Heat  Cool        Avg
    Mean                              Deg   Deg         Wind                 Dom
Day Temp  High   Time   Low    Time   Days  Days  Rain  Speed High   Time    Dir
----------------------------------------------------------------------------------
 1  23,5  31,4   16:49  15,0   05:59   0,6   5,9   0,0   3,7  19,4   16:04   NNO
 2  26,9  34,5   16:11  18,0   04:48   0,0   8,6   0,0   9,9  40,3   13:49     N
 3  24,2  30,6   11:49  20,2   04:42   0,0   5,9  22,8   9,4  73,4   01:26   NNE
 4  26,5  34,8   15:10  20,2   05:11   0,0   8,2   0,0   3,8  20,9   00:22   ESE
 5  28,0  34,5   12:39  22,3   05:56   0,0   9,7   0,0   5,3  23,4   15:31    NE
 6  25,2  32,5   13:27  18,7   23:59   0,0   6,9   5,4  10,2  76,0   23:54   SSE
 7  20,8  27,0   18:08  14,0   06:14   0,7   3,1   1,5  12,4  69,8   00:13   SSO
 8  23,8  34,4   16:10  13,4   05:58   1,1   6,6   0,0   5,9  30,6   09:31    NO
 9  26,9  35,2   16:27  17,0   06:17   0,1   8,7   0,0   7,2  30,6   12:32     N
10  24,2  32,9   11:47  17,1   23:55   0,1   5,9   6,9  10,1  68,4   13:03   OSO
11  24,6  34,3   15:20  13,5   06:03   0,8   7,1   0,0   5,2  23,4   11:40    NO
12  27,1  36,4   15:46  18,3   06:02   0,0   8,8   0,0   8,8  36,7   18:58     N
13  25,7  33,1   15:14  15,6   05:37   0,2   7,6   0,0   5,9  40,3   01:17   SSE
14  24,6  35,7   14:46  19,3   06:00   0,0   6,3  21,3  11,2  79,6   16:45   NNE
15  26,4  34,7   15:33  18,8   05:19   0,0   8,2   0,0   3,7  23,4   01:49   OSO
16  22,6  28,7   15:39  17,5   11:56   0,1   4,4  29,1   6,5  52,6   12:27   ESE
17  17,6  21,2   14:19  13,0   17:52   1,4   0,7  28,2   3,8  24,5   02:42   ESE
18  18,8  23,4   15:06  14,2   01:41   1,3   1,7   0,0   6,4  25,6   11:03     E
19  22,4  29,5   14:38  17,7   23:57   0,0   4,1  21,9   8,2  49,0   21:49   ENE
20  21,1  27,9   14:46  15,7   06:59   0,6   3,4   2,7  11,5  46,4   08:46     S
21  22,8  29,9   16:22  14,1   05:52   0,8   5,3   0,0   4,5  20,9   16:02    NE
22  24,8  31,3   14:38  17,1   05:44   0,1   6,6   0,0  10,4  43,9   13:38   NNE
23  27,0  32,9   13:01  20,7   05:04   0,0   8,7   0,0   9,2  30,6   13:04   NNE
24  31,6  38,0   15:11  25,7   06:14   0,0  13,3   0,0  12,6  46,4   12:09     N
25  23,8  29,6   00:00  16,3   23:11   0,1   5,6   0,0  15,7  58,7   05:26   SSO
26  20,8  27,0   15:22  15,1   04:48   0,8   3,3   0,0   5,8  25,6   11:09     S
27  21,7  28,4   14:18  13,6   06:07   0,7   4,1   0,0   5,5  27,0   14:56   NNE
28  23,5  31,6   17:11  14,3   06:09   0,7   5,9   0,0   7,6  36,7   23:43     N
29  25,8  32,1   17:28  18,4   06:11   0,0   7,5   0,0   6,7  42,8   03:40     N
30  27,9  35,8   16:00  19,4   04:47   0,0   9,6   0,0   9,8  31,7   09:42     N
31  26,4  31,9   10:23  18,8   23:59   0,0   8,1   0,0  15,1  54,0   14:23   SSO
----------------------------------------------------------------------------------
    24,4  38,0    24    13,0    17    10,2 199,8 139,8   8,1  79,6    14      NE

Max >=  27,0: 29
Max <=   0,0:  0
Min <=   0,0:  0
Min <= -18,0:  0
Max Rain: 29,1 on day 16
Days of Rain: 9 (>= 0,2 mm)  8 (>= 2,0 mm)  5 (>= 20,0 mm)
Heat Base: 18,3  Cool Base: 18,3  Method: Integration