NOAA-Style Climate Reports


Report for 2012 Noviembre
                   Monthly Climatological Summary for nov 2012

Name: WXElortondo   City: Elortondo   State: Argentina
Elevation: 104 m  Lat: S 33° 42' 17"   Lon: W 061° 37' 16"

                  Temperature (°C), Rain (mm), Wind Speed (km/h)

                                      Heat  Cool        Avg
    Mean                              Deg   Deg         Wind                 Dom
Day Temp  High   Time   Low    Time   Days  Days  Rain  Speed High   Time    Dir
----------------------------------------------------------------------------------
 1  20,9  27,8   11:33  15,1   05:26   0,8   3,4   0,0   3,3  30,6   12:09   SSO
 3  22,4  32,2   18:13  14,2   06:00   0,8   4,3   0,3   3,4  22,0   11:18   ENE
 4  24,0  32,2   14:29  17,9   04:54   0,0   5,7   0,0   3,1  27,0   13:32    NO
 5  26,7  36,3   15:48  15,7   06:18   0,2   8,5   0,0   4,2  23,4   13:13   NNO
 6  28,2  36,8   15:41  20,2   05:59   0,0   9,9   0,0   6,9  28,1   14:32     N
 7  28,2  36,9   15:20  19,4   05:37   0,0   9,9   0,0   9,7  36,7   10:17   NNE
 8  28,7  36,4   15:29  20,3   06:04   0,0  10,4   0,0  13,7  45,4   11:46   NNE
 9  21,6  27,1   00:17  15,5   23:50   0,3   3,5  23,1  14,0  52,6   10:15    SE
10  16,7  23,3   16:06  11,0   07:02   2,5   0,9   0,0  10,3  37,8   08:22   SSE
11  17,8  25,6   15:43  12,2   05:46   2,1   1,7   0,0   6,3  30,6   16:35    SE
13  17,2  24,7   13:00  11,0   05:39   1,8   0,9   0,0   6,1  36,7   11:05   ESE
14  21,5  29,9   14:30  14,6   04:31   0,8   4,0   0,0   7,8  24,5   15:39   ENE
15  22,4  29,6   15:09  14,8   04:13   0,7   4,8   0,0   8,2  30,6   16:05    NE
16  24,0  30,9   16:08  15,4   05:09   0,4   6,0   0,0   8,0  29,5   14:28     E
17  24,0  31,2   12:09  18,3   22:07   0,0   5,7   0,6   8,1  43,9   20:15   ENE
18  19,9  25,0   17:01  17,3   23:56   0,1   1,7   2,1   4,6  24,5   04:30    SE
19  24,8  33,5   16:00  15,2   06:03   0,6   7,1   0,0   3,6  23,4   13:45    SO
20  27,5  35,4   14:49  18,7   05:28   0,0   9,2   0,0   6,8  31,7   16:06    NE
21  28,2  36,4   16:03  20,7   05:04   0,0   9,9   0,0  10,2  39,2   10:59    NE
22  21,8  27,0   00:00  18,8   07:14   0,0   3,5  72,0  11,1  63,7   01:11     S
23  20,8  26,1   14:34  15,6   23:57   0,2   2,7   0,0   6,8  27,0   13:18   SSE
24  21,2  28,8   17:15  12,9   04:36   1,3   4,1   0,0   5,8  25,6   09:57   SSO
25  20,4  27,9   16:32  14,0   05:21   1,0   3,1   0,0  12,8  41,8   08:09   ENE
26  17,8  19,1   00:00  17,0   05:41   0,1   0,0   0,0   7,7  22,0   03:27   NNE
27  31,3  36,6   16:15  17,0   05:29   0,0   7,9   0,0   5,7  28,1   12:03   ONO
28  22,9  27,6   10:03  19,9   22:07   0,0   4,6   2,1   5,1  35,6   08:20   NNE
29  22,6  29,5   16:25  15,8   06:03   0,3   4,6   4,8  12,2  41,8   17:45     E
30  20,2  25,2   14:38  16,4   05:53   0,5   2,4  51,0   6,9  51,5   00:58    SO
----------------------------------------------------------------------------------
    23,0  36,9     7    11,0    10    14,5 140,4 156,0   7,9  63,7    22       E

Max >=  27,0: 21
Max <=   0,0:  0
Min <=   0,0:  0
Min <= -18,0:  0
Max Rain: 72,0 on day 22
Days of Rain: 8 (>= 0,2 mm)  6 (>= 2,0 mm)  3 (>= 20,0 mm)
Heat Base: 18,3  Cool Base: 18,3  Method: Integration