NOAA-Style Climate Reports


Report for 2012 Octubre
                   Monthly Climatological Summary for oct 2012

Name: WXElortondo   City: Elortondo   State: Argentina
Elevation: 104 m  Lat: S 33° 42' 17"   Lon: W 061° 37' 16"

                  Temperature (°C), Rain (mm), Wind Speed (km/h)

                                      Heat  Cool        Avg
    Mean                              Deg   Deg         Wind                 Dom
Day Temp  High   Time   Low    Time   Days  Days  Rain  Speed High   Time    Dir
----------------------------------------------------------------------------------
 1  19,0  27,2   16:06  12,9   06:40   1,8   2,4  24,9   7,9  41,8   03:40   SSE
 2  16,4  20,4   13:24  12,9   23:11   2,0   0,1   5,7  10,7  49,0   10:55   SSE
 3  17,0  24,7   15:57   9,4   06:46   2,9   1,6   0,0   7,2  31,7   11:22   SSE
 4  16,8  23,9   14:50  10,1   06:34   2,8   1,3   0,0  10,6  35,6   13:34    NE
 5  19,3  27,9   15:20  13,6   02:18   1,8   2,7  75,3  11,4  41,8   19:42   ENE
 6  19,4  27,3   15:46  15,2   07:47   0,9   2,0  18,9   5,9  39,2   02:50   SSE
 7  17,1  20,4   12:56  15,9   07:22   1,3   0,1  13,2   9,5  36,7   05:58   ESE
 8  17,3  20,7   15:58  15,3   02:28   1,3   0,4   0,9   7,3  24,5   01:13   SSE
 9  17,1  22,6   15:35  13,7   23:59   1,7   0,5   8,1   9,6  35,6   14:49     S
10  12,7  18,5   16:22   7,3   06:27   5,6   0,0   0,0   8,7  40,3   00:06   SSE
11  14,2  21,9   15:47   7,3   06:21   4,6   0,5   0,0   7,7  29,5   15:05   ENE
12  15,6  24,0   14:07  10,1   06:29   2,7   0,6   0,0   8,7  33,1   13:06    NE
13  19,9  27,4   15:17  12,1   05:44   1,6   3,3   0,0   9,9  34,2   11:14    NE
14  23,1  31,0   13:47  16,0   06:32   0,3   5,2   0,0  11,0  33,1   12:02    NE
15  17,3  20,8   00:00  13,4   21:01   1,5   0,5  47,4   9,8  41,8   19:45   ONO
16  14,5  18,9   18:03  12,2   06:02   3,8   0,0   1,2  16,8  60,1   10:58    SO
17  17,1  24,1   15:44  12,7   05:47   2,3   1,2   0,0  10,6  30,6   11:00    SO
18  18,6  25,6   14:50  11,0   04:01   2,1   2,4   0,0   7,6  29,5   14:54    NE
19  18,1  22,8   16:51  14,9   06:47   1,1   0,8   3,0  11,5  46,4   13:51   ENE
20  19,2  26,1   16:01  13,9   01:16   1,4   2,3  20,1   8,5  42,8   12:31     E
21  17,6  24,8   12:12  14,8   04:32   1,5   0,8  55,5   8,1  54,0   13:54   ESE
22  16,6  22,6   13:05  13,2   23:33   2,1   0,4  33,3  16,8  66,2   23:42   OSO
23  15,5  21,3   16:30  11,3   06:33   3,4   0,5   3,9  16,3  76,0   01:44    SO
24  18,9  27,7   15:42  10,5   05:54   2,3   2,9   0,0   4,1  23,4   13:42    NO
25  19,5  27,4   13:28  10,6   05:59   2,0   3,3   4,8   4,1  39,2   20:02     N
26  23,0  30,5   14:41  15,9   05:38   0,2   5,0   0,3   8,3  33,1   00:09   NNE
27  23,5  30,9   14:03  16,2   04:54   0,2   5,4   0,0   7,2  29,5   14:14    SE
28  22,5  31,6   13:29  16,7   03:30   0,2   4,4  19,8   8,4  35,6   15:28     E
29  20,1  22,9   12:10  17,1   23:57   0,0   1,9  78,6  13,1  58,7   17:17    SE
30  20,0  25,8   15:26  13,4   06:01   1,0   2,6   0,0   8,6  35,6   09:27   SSE
31  20,6  26,7   14:18  15,8   05:27   0,4   2,7   0,0   5,3  24,5   03:59   ENE
----------------------------------------------------------------------------------
    18,3  31,6    28     7,3    10    56,8  57,8 414,9   9,4  76,0    23     ESE

Max >=  27,0: 10
Max <=   0,0:  0
Min <=   0,0:  0
Min <= -18,0:  0
Max Rain: 78,6 on day 29
Days of Rain: 18 (>= 0,2 mm)  15 (>= 2,0 mm)  7 (>= 20,0 mm)
Heat Base: 18,3  Cool Base: 18,3  Method: Integration