NOAA-Style Climate Reports


Report for 2012 Septiembre
                   Monthly Climatological Summary for sep 2012

Name: WXElortondo   City: Elortondo   State: Argentina
Elevation: 104 m  Lat: S 33° 42' 17"   Lon: W 061° 37' 16"

                  Temperature (°C), Rain (mm), Wind Speed (km/h)

                                      Heat  Cool        Avg
    Mean                              Deg   Deg         Wind                 Dom
Day Temp  High   Time   Low    Time   Days  Days  Rain  Speed High   Time    Dir
----------------------------------------------------------------------------------
 1  20,7  29,8   15:31  12,9   06:15   1,5   4,0   0,0   6,7  20,9   10:35    NE
 2  20,4  29,8   14:50  13,8   23:59   1,2   3,3   0,0   9,1  41,8   20:58    SE
 3  12,2  14,2   15:50  10,0   07:13   6,1   0,0   0,0  16,2  43,9   00:23     E
 4  15,0  18,8   13:12  12,8   07:45   3,4   0,0   0,0   8,5  39,2   23:58   ESE
 5  12,2  13,9   13:01  10,3   22:43   6,1   0,0   0,3  11,3  37,8   04:15   SSE
 6  11,1  13,4   23:23  10,2   07:31   7,2   0,0  78,0  10,2  36,7   22:13    SE
 7  14,0  19,3   17:22  11,4   23:55   4,4   0,0   1,2  10,7  40,3   12:07   SSO
 8  16,3  26,1   14:55   9,4   04:27   3,7   1,6   0,0   8,3  35,6   11:44   SSO
 9  13,5  20,1   15:17   8,3   07:04   4,8   0,1   0,0   8,3  30,6   12:47   ESE
10  15,6  22,7   15:39  11,0   06:08   3,5   0,8   0,0   7,6  24,5   10:43   ENE
11  17,4  26,5   15:11  10,0   07:17   2,9   2,1   0,0   7,1  25,6   10:33   NNE
12  20,1  29,0   15:40  10,9   06:55   1,7   3,5   0,0   3,9  15,8   10:40   NNE
13  19,7  26,8   16:25  13,6   07:10   1,4   2,8   0,0  10,1  36,7   16:25   NNE
14  20,2  28,6   16:55  12,5   06:55   1,4   3,3   0,0   9,9  29,5   15:25   NNE
15  22,4  33,2   13:25  15,2   07:10   0,8   4,8   0,0   5,9  28,1   23:27   ESE
16  21,1  28,2   15:52  14,1   07:10   0,9   3,7   0,0  10,1  35,6   12:01   ESE
17  16,5  21,5   15:50  13,0   07:04   2,2   0,4   7,8  12,5  36,7   03:43    SE
18  11,7  13,2   00:00  10,9   13:15   6,6   0,0  24,3  14,6  43,9   17:07   SSE
19  12,7  18,9   16:17   8,4   07:33   5,7   0,0   0,9  13,3  46,4   13:53    SO
20  11,4  17,0   16:47   7,2   23:36   6,9   0,0   0,6   4,6  28,1   12:19    NO
21  12,9  20,5   14:15   4,9   05:35   5,7   0,3   0,0   9,0  45,4   13:57   OSO
22  15,9  24,6   13:29   5,1   07:01   4,3   1,9   0,0   4,4  23,4   13:58     N
23  17,2  25,2   15:39  10,9   05:56   2,7   1,6   0,0  10,4  36,7   09:46   NNE
24  13,9  18,2   13:37   6,8   23:59   4,4   0,0   0,0   9,5  49,0   10:52   SSE
25   8,8  16,2   15:36   2,1   04:01   9,5   0,0   0,0   7,6  40,3   10:41     S
26  10,3  18,2   16:51   1,9   05:59   8,0   0,0   0,0   7,1  30,6   15:20    NE
27  13,5  21,2   16:24   4,6   06:34   5,2   0,4   0,0  12,4  43,9   16:34    NE
28  15,9  21,8   13:43  13,1   06:48   2,8   0,4   0,0  10,3  28,1   03:01   ENE
29  19,0  26,9   16:17  11,6   05:36   2,1   2,8   0,0   8,0  29,5   11:48    NE
30  19,5  29,3   15:33  12,1   06:41   1,8   3,0   0,6  10,0  41,8   20:07   ENE
----------------------------------------------------------------------------------
    15,7  33,2    15     1,9    26   118,9  40,8 113,7   9,2  49,0    24       E

Max >=  27,0:  7
Max <=   0,0:  0
Min <=   0,0:  0
Min <= -18,0:  0
Max Rain: 78,0 on day 6
Days of Rain: 8 (>= 0,2 mm)  3 (>= 2,0 mm)  2 (>= 20,0 mm)
Heat Base: 18,3  Cool Base: 18,3  Method: Integration