NOAA-Style Climate Reports

Select a Year or Month report
2017: Ene Feb Mar Abr May Jun Jul Ago Sep Oct Nov Dic
2016: Ene Feb Mar Abr May Jun Jul Ago Sep Oct Nov Dic
2015: Ene Feb Mar Abr May Jun Jul Ago Sep Oct Nov Dic
2014: Ene Feb Mar Abr May Jun Jul Ago Sep Oct Nov Dic
2013: Ene Feb Mar Abr May Jun Jul Ago Sep Oct Nov Dic
2012: Ene Feb Mar Abr May Jun Jul Ago Sep Oct Nov Dic

Report for 2012 Agosto
                   Monthly Climatological Summary for ago 2012

Name: WXElortondo   City: Elortondo   State: Argentina
Elevation: 104 m  Lat: S 33° 42' 17"   Lon: W 061° 37' 16"

                  Temperature (°C), Rain (mm), Wind Speed (km/h)

                                      Heat  Cool        Avg
    Mean                              Deg   Deg         Wind                 Dom
Day Temp  High   Time   Low    Time   Days  Days  Rain  Speed High   Time    Dir
----------------------------------------------------------------------------------
18  13,5  17,7   15:48  10,0   23:38   2,5   0,0   0,0   8,4  35,6   14:37    SO
19  14,0  21,4   14:30   6,7   07:09   5,0   0,6   0,0   7,6  33,1   16:18    NE
20  14,9  20,8   15:36   9,6   23:21   3,6   0,2   0,0   7,8  33,1   14:41     S
21  13,9  23,0   14:40   5,0   07:33   5,2   0,9   0,0   6,1  25,6   15:25    NE
22  20,1  29,4   16:08  12,2   03:40   2,0   3,8   0,0  12,3  41,8   22:33    NE
23  14,5  24,4   00:00   8,3   23:12   4,5   0,7   9,9  14,7  55,1   22:52    SO
24  10,0  15,3   16:00   6,2   08:28   7,7   0,0   6,3  17,5  49,0   00:50   SSO
25   7,3  10,2   19:01   9,0   19:01   2,3   0,0   0,0   3,7  12,2   19:32    SE
26   7,9  15,0   14:25   3,1   07:08  10,4   0,0   0,0   4,7  23,4   16:49   ESE
27   8,0  14,9   15:22   2,1   05:09  10,3   0,0   0,0   5,9  24,5   12:29     E
28   9,7  16,5   14:22   3,2   07:33   8,6   0,0   0,0   8,4  31,7   15:53    NE
29  12,6  20,2   16:22   6,5   06:55   5,9   0,2   0,0  11,7  46,4   11:30    NE
30  15,1  23,7   17:18   8,1   07:57   4,1   0,9   0,0   8,0  28,1   10:36   NNE
31  18,4  28,0   15:55  10,7   07:37   2,5   2,6   0,0   7,1  23,4   10:44   NNE
----------------------------------------------------------------------------------
    12,9  29,4    22     2,1    27    74,6   9,9  16,2   9,1  55,1    23       E

Max >=  27,0:  2
Max <=   0,0:  0
Min <=   0,0:  0
Min <= -18,0:  0
Max Rain: 9,9 on day 23
Days of Rain: 2 (>= 0,2 mm)  2 (>= 2,0 mm)  0 (>= 20,0 mm)
Heat Base: 18,3  Cool Base: 18,3  Method: Integration