NOAA-Style Climate Reports

Select a Year or Month report
2018: Ene Feb Mar Abr May Jun Jul Ago Sep Oct Nov Dic
2017: Ene Feb Mar Abr May Jun Jul Ago Sep Oct Nov Dic
2016: Ene Feb Mar Abr May Jun Jul Ago Sep Oct Nov Dic
2015: Ene Feb Mar Abr May Jun Jul Ago Sep Oct Nov Dic
2014: Ene Feb Mar Abr May Jun Jul Ago Sep Oct Nov Dic
2013: Ene Feb Mar Abr May Jun Jul Ago Sep Oct Nov Dic
2012: Ene Feb Mar Abr May Jun Jul Ago Sep Oct Nov Dic

Report for 2018 Abril
                   Monthly Climatological Summary for abr 2018

Name: WXElortondo   City: Erlortondo   State: Argentina
Elevation: 104 m  Lat: S 33° 42' 17"   Lon: W 061° 37' 16"

                  Temperature (°C), Rain (mm), Wind Speed (km/h)

                                      Heat  Cool        Avg
    Mean                              Deg   Deg         Wind                 Dom
Day Temp  High   Time   Low    Time   Days  Days  Rain  Speed High   Time    Dir
----------------------------------------------------------------------------------
 1  18,9  22,9   00:00  16,1   20:10   0,3   1,0  46,2  12,9  46,4   04:23    SE
 2  19,3  26,2   15:13  15,8   23:50   0,8   1,8   0,3   5,8  18,4   13:21    SE
 3  21,7  29,1   16:51  15,8   00:00   0,3   3,7   0,0   4,6  24,5   13:17     E
 4  23,2  34,3   16:09  15,1   07:25   0,5   5,4   0,0   5,4  23,4   11:42   NNE
 5  24,2  34,3   14:28  17,2   07:26   0,1   6,0   0,0   6,7  30,6   20:00   ENE
 6  16,2  20,3   00:00  14,0   07:36   2,2   0,1  36,6   9,1  36,7   03:08   SSE
 7  17,2  20,8   16:02  14,5   08:38   1,5   0,4   2,7   5,5  20,9   16:02   ESE
 8  20,2  24,8   14:47  18,4   00:10   0,0   1,9  12,0   7,9  25,6   11:11   ENE
 9  24,2  32,2   16:48  19,0   04:39   0,0   6,1   0,0   9,5  34,2   15:39    NE
10  27,2  34,2   15:12  22,4   07:42   0,0   8,8   0,0  13,9  45,4   11:10     N
11  27,5  34,8   14:36  20,5   23:25   0,0   9,2   0,0  12,2  37,8   11:14     N
12  16,4  21,5   15:49   8,7   23:19   2,6   0,7   0,0  13,6  56,2   03:22     S
13  14,4  23,2   15:23   6,3   05:27   4,6   0,7   0,0   6,1  33,1   09:12   ENE
14  18,4  26,0   15:35  12,7   07:03   1,8   1,9   0,0   8,9  27,0   10:39   ENE
15  21,4  29,0   15:44  15,8   05:33   0,7   3,8   0,0   9,7  30,6   13:36    NE
16  22,1  30,4   15:28  15,6   05:21   0,5   4,3   0,0  10,5  39,2   13:35    NE
17  24,2  32,8   15:34  17,7   04:36   0,0   5,9   0,0   8,3  30,6   12:38   NNE
18  26,1  33,7   16:33  21,1   08:42   0,0   7,8   0,9   8,6  33,1   14:00     N
19  26,2  34,4   14:43  20,1   07:40   0,0   8,2  44,7   8,4  63,7   23:05     N
20  21,8  27,6   15:55  18,5   08:00   0,0   3,4  31,8   2,3  14,8   00:06   WNW
21  22,1  29,4   16:08  16,7   05:45   0,2   4,0   0,0   4,4  19,4   15:27     E
22  22,1  34,8   15:59  17,4   03:58   0,2   3,8  71,4   6,5  45,4   17:00   ENE
23  19,1  25,3   15:46  15,4   07:21   0,7   1,5   0,0   7,8  31,7   16:10    SE
24  19,8  23,6   13:46  17,4   09:34   0,1   1,6   0,0   9,9  33,1   14:37   ENE
----------------------------------------------------------------------------------
    21,4  34,8    11     6,3    13    17,1  92,0 246,6   8,3  63,7    19     ENE

Max >=  27,0: 14
Max <=   0,0:  0
Min <=   0,0:  0
Min <= -18,0:  0
Max Rain: 71,4 on day 22
Days of Rain: 9 (>= 0,2 mm)  7 (>= 2,0 mm)  5 (>= 20,0 mm)
Heat Base: 18,3  Cool Base: 18,3  Method: Integration